Last updated on 2025-04-28 18:50:06 CEST.
Flavor | Version | Tinstall | Tcheck | Ttotal | Status | Flags |
---|---|---|---|---|---|---|
r-devel-linux-x86_64-debian-clang | 0.2.1 | 3.54 | 25.70 | 29.24 | OK | |
r-devel-linux-x86_64-debian-gcc | 0.2.1 | 2.48 | 20.83 | 23.31 | NOTE | |
r-devel-linux-x86_64-fedora-clang | 0.2.1 | 47.49 | OK | |||
r-devel-linux-x86_64-fedora-gcc | 0.2.1 | 44.16 | OK | |||
r-devel-windows-x86_64 | 0.2.1 | 4.00 | 50.00 | 54.00 | OK | |
r-patched-linux-x86_64 | 0.2.1 | 3.61 | 25.03 | 28.64 | OK | |
r-release-linux-x86_64 | 0.2.1 | 3.66 | 24.76 | 28.42 | OK | |
r-release-macos-arm64 | 0.2.1 | 18.00 | OK | |||
r-release-macos-x86_64 | 0.2.1 | 31.00 | OK | |||
r-release-windows-x86_64 | 0.2.1 | 4.00 | 50.00 | 54.00 | OK | |
r-oldrel-macos-arm64 | 0.2.1 | 17.00 | OK | |||
r-oldrel-macos-x86_64 | 0.2.1 | 28.00 | OK | |||
r-oldrel-windows-x86_64 | 0.2.1 | 5.00 | 52.00 | 57.00 | OK |
Version: 0.2.1
Check: CRAN incoming feasibility
Result: NOTE
Maintainer: ‘Suren Rathnayake <surenr@gmail.com>’
No Authors@R field in DESCRIPTION.
Please add one, modifying
Authors@R: c(person(given = "Cinzia",
family = "Viroli",
role = "aut"),
person(given = c("Geoffrey", "J."),
family = "McLachlan",
role = "aut"),
person(given = "Suren",
family = "Rathnayake",
role = "cre",
email = "surenr@gmail.com"))
as necessary.
Flavor: r-devel-linux-x86_64-debian-gcc