Last updated on 2025-04-28 18:50:07 CEST.
Flavor | Version | Tinstall | Tcheck | Ttotal | Status | Flags |
---|---|---|---|---|---|---|
r-devel-linux-x86_64-debian-clang | 0.1.2 | 1.91 | 25.46 | 27.37 | OK | |
r-devel-linux-x86_64-debian-gcc | 0.1.2 | 1.41 | 20.34 | 21.75 | NOTE | |
r-devel-linux-x86_64-fedora-clang | 0.1.2 | 44.69 | OK | |||
r-devel-linux-x86_64-fedora-gcc | 0.1.2 | 55.14 | OK | |||
r-devel-windows-x86_64 | 0.1.2 | 3.00 | 49.00 | 52.00 | OK | |
r-patched-linux-x86_64 | 0.1.2 | 2.01 | 24.97 | 26.98 | OK | |
r-release-linux-x86_64 | 0.1.2 | 1.87 | 25.03 | 26.90 | OK | |
r-release-macos-arm64 | 0.1.2 | 26.00 | OK | |||
r-release-macos-x86_64 | 0.1.2 | 41.00 | OK | |||
r-release-windows-x86_64 | 0.1.2 | 3.00 | 50.00 | 53.00 | OK | |
r-oldrel-macos-arm64 | 0.1.2 | 24.00 | OK | |||
r-oldrel-macos-x86_64 | 0.1.2 | 34.00 | OK | |||
r-oldrel-windows-x86_64 | 0.1.2 | 5.00 | 54.00 | 59.00 | OK |
Version: 0.1.2
Check: CRAN incoming feasibility
Result: NOTE
Maintainer: ‘Carl A. B. Pearson <carl.pearson@lshtm.ac.uk>’
Found the following URLs which should use \doi (with the DOI name only):
File ‘denvax.Rd’:
https://doi.org/10.1098/rsif.2019.0234
File ‘lazou2016.Rd’:
https://doi.org/10.1056/NEJMoa1503877
File ‘morrison2010.Rd’:
https://doi.org/10.1371/journal.pntd.0000670
File ‘nPxA.Rd’:
https://doi.org/10.1098/rsif.2019.0234
Flavor: r-devel-linux-x86_64-debian-gcc