CRAN Package Check Results for Package dga

Last updated on 2025-07-03 19:50:26 CEST.

Flavor Version Tinstall Tcheck Ttotal Status Flags
r-devel-linux-x86_64-debian-clang 2.0.1 19.88 35.08 54.96 NOTE
r-devel-linux-x86_64-debian-gcc 2.0.1 13.63 26.93 40.56 NOTE
r-devel-linux-x86_64-fedora-clang 2.0.1 92.57 NOTE
r-devel-linux-x86_64-fedora-gcc 2.0.1 82.57 NOTE
r-devel-windows-x86_64 2.0.1 24.00 77.00 101.00 NOTE
r-patched-linux-x86_64 2.0.1 19.82 31.86 51.68 NOTE
r-release-linux-x86_64 2.0.1 19.69 31.99 51.68 NOTE
r-release-macos-arm64 2.0.1 30.00 NOTE
r-release-macos-x86_64 2.0.1 50.00 NOTE
r-release-windows-x86_64 2.0.1 24.00 77.00 101.00 NOTE
r-oldrel-macos-arm64 2.0.1 28.00 NOTE
r-oldrel-macos-x86_64 2.0.1 39.00 NOTE
r-oldrel-windows-x86_64 2.0.1 30.00 90.00 120.00 NOTE

Check Details

Version: 2.0.1
Check: C++ specification
Result: NOTE Specified C++11: please drop specification unless essential Flavors: r-devel-linux-x86_64-debian-clang, r-devel-linux-x86_64-debian-gcc, r-devel-linux-x86_64-fedora-clang, r-devel-linux-x86_64-fedora-gcc, r-devel-windows-x86_64, r-patched-linux-x86_64, r-release-linux-x86_64, r-release-macos-arm64, r-release-macos-x86_64, r-release-windows-x86_64, r-oldrel-macos-arm64, r-oldrel-macos-x86_64, r-oldrel-windows-x86_64