Last updated on 2025-04-28 18:50:07 CEST.
Flavor | Version | Tinstall | Tcheck | Ttotal | Status | Flags |
---|---|---|---|---|---|---|
r-devel-linux-x86_64-debian-clang | 2.0 | 24.56 | 109.32 | 133.88 | OK | |
r-devel-linux-x86_64-debian-gcc | 2.0 | 17.16 | 73.01 | 90.17 | NOTE | |
r-devel-linux-x86_64-fedora-clang | 2.0 | 222.14 | OK | |||
r-devel-linux-x86_64-fedora-gcc | 2.0 | 210.59 | OK | |||
r-devel-windows-x86_64 | 2.0 | 26.00 | 104.00 | 130.00 | OK | |
r-patched-linux-x86_64 | 2.0 | 27.94 | 105.18 | 133.12 | OK | |
r-release-linux-x86_64 | 2.0 | 27.29 | 107.95 | 135.24 | OK | |
r-release-macos-arm64 | 2.0 | 53.00 | OK | |||
r-release-macos-x86_64 | 2.0 | 113.00 | OK | |||
r-release-windows-x86_64 | 2.0 | 26.00 | 104.00 | 130.00 | OK | |
r-oldrel-macos-arm64 | 2.0 | 54.00 | OK | |||
r-oldrel-macos-x86_64 | 2.0 | 85.00 | OK | |||
r-oldrel-windows-x86_64 | 2.0 | 36.00 | 136.00 | 172.00 | OK |
Version: 2.0
Check: CRAN incoming feasibility
Result: NOTE
Maintainer: ‘Maengseok Noh <msnoh@pknu.ac.kr>’
No Authors@R field in DESCRIPTION.
Please add one, modifying
Authors@R: c(person(given = "Youngjo",
family = "Lee",
role = "aut"),
person(given = "Maengseok",
family = "Noh",
role = c("aut", "cre"),
email = "msnoh@pknu.ac.kr"))
as necessary.
Flavor: r-devel-linux-x86_64-debian-gcc