Last updated on 2025-04-28 18:50:07 CEST.
Flavor | Version | Tinstall | Tcheck | Ttotal | Status | Flags |
---|---|---|---|---|---|---|
r-devel-linux-x86_64-debian-clang | 1.0.2 | 16.14 | 131.13 | 147.27 | NOTE | |
r-devel-linux-x86_64-debian-gcc | 1.0.2 | 10.08 | 87.74 | 97.82 | NOTE | |
r-devel-linux-x86_64-fedora-clang | 1.0.2 | 225.97 | OK | |||
r-devel-linux-x86_64-fedora-gcc | 1.0.2 | 216.04 | OK | |||
r-devel-windows-x86_64 | 1.0.2 | 16.00 | 120.00 | 136.00 | NOTE | |
r-patched-linux-x86_64 | 1.0.2 | 16.20 | 122.43 | 138.63 | NOTE | |
r-release-linux-x86_64 | 1.0.2 | 14.61 | 125.68 | 140.29 | NOTE | |
r-release-macos-arm64 | 1.0.2 | 67.00 | OK | |||
r-release-macos-x86_64 | 1.0.2 | 147.00 | OK | |||
r-release-windows-x86_64 | 1.0.2 | 15.00 | 117.00 | 132.00 | NOTE | |
r-oldrel-macos-arm64 | 1.0.2 | 60.00 | OK | |||
r-oldrel-macos-x86_64 | 1.0.2 | 106.00 | OK | |||
r-oldrel-windows-x86_64 | 1.0.2 | 22.00 | 158.00 | 180.00 | OK |
Version: 1.0.2
Check: Rd cross-references
Result: NOTE
Found the following Rd file(s) with Rd \link{} targets missing package
anchors:
expectreg.aft.Rd: rb, cdf.qp, cdf.bundle, summary.expectreg,
plot.expectreg, predict.expectreg, resid.expectreg,
fitted.expectreg, effects.expectreg
modreg.Rd: control
Please provide package anchors for all Rd \link{} targets not in the
package itself and the base packages.
Flavors: r-devel-linux-x86_64-debian-clang, r-devel-linux-x86_64-debian-gcc, r-devel-windows-x86_64, r-patched-linux-x86_64, r-release-linux-x86_64, r-release-windows-x86_64
Version: 1.0.2
Check: CRAN incoming feasibility
Result: NOTE
Maintainer: ‘Alexander Seipp <alexander.seipp@uni-oldenburg.de>’
No Authors@R field in DESCRIPTION.
Please add one, modifying
Authors@R: c(person(given = "Alexander",
family = "Seipp",
role = c("aut", "cre"),
email = "alexander.seipp@uni-oldenburg.de"),
person(given = "Fabian",
family = "Otto-Sobotka",
role = "aut"))
as necessary.
Flavor: r-devel-linux-x86_64-debian-gcc
Version: 1.0.2
Check: examples
Result: NOTE
Examples with CPU (user + system) or elapsed time > 5s
user system elapsed
plot.modreg 4.579 0.310 7.334
predict.modreg 4.044 0.207 6.495
Flavor: r-devel-linux-x86_64-debian-gcc