Last updated on 2025-04-28 18:50:07 CEST.
Flavor | Version | Tinstall | Tcheck | Ttotal | Status | Flags |
---|---|---|---|---|---|---|
r-devel-linux-x86_64-debian-clang | 2.0.6 | 6.37 | 42.56 | 48.93 | OK | |
r-devel-linux-x86_64-debian-gcc | 2.0.6 | 3.96 | 29.98 | 33.94 | NOTE | |
r-devel-linux-x86_64-fedora-clang | 2.0.6 | 78.36 | NOTE | |||
r-devel-linux-x86_64-fedora-gcc | 2.0.6 | 73.81 | NOTE | |||
r-devel-windows-x86_64 | 2.0.6 | 7.00 | 69.00 | 76.00 | OK | |
r-patched-linux-x86_64 | 2.0.6 | 6.26 | 41.67 | 47.93 | OK | |
r-release-linux-x86_64 | 2.0.6 | 5.77 | 42.53 | 48.30 | OK | |
r-release-macos-arm64 | 2.0.6 | 27.00 | OK | |||
r-release-macos-x86_64 | 2.0.6 | 50.00 | OK | |||
r-release-windows-x86_64 | 2.0.6 | 6.00 | 69.00 | 75.00 | OK | |
r-oldrel-macos-arm64 | 2.0.6 | 23.00 | OK | |||
r-oldrel-macos-x86_64 | 2.0.6 | 39.00 | OK | |||
r-oldrel-windows-x86_64 | 2.0.6 | 8.00 | 82.00 | 90.00 | OK |
Version: 2.0.6
Check: CRAN incoming feasibility
Result: NOTE
Maintainer: ‘Sean A. S. Anderson <sean.as.anderson@gmail.com>’
No Authors@R field in DESCRIPTION.
Please add one, modifying
Authors@R: c(person(given = c("Sean", "A.", "S."),
family = "Anderson",
role = c("aut", "cre"),
email = "sean.as.anderson@gmail.com"),
person(given = c("Jason", "T."),
family = "Weir",
role = "aut"))
as necessary.
Flavor: r-devel-linux-x86_64-debian-gcc
Version: 2.0.6
Check: dependencies in R code
Result: NOTE
Namespace in Imports field not imported from: ‘truncnorm’
All declared Imports should be used.
Flavors: r-devel-linux-x86_64-fedora-clang, r-devel-linux-x86_64-fedora-gcc