CRAN Package Check Results for Package dyads

Last updated on 2025-07-04 07:49:26 CEST.

Flavor Version Tinstall Tcheck Ttotal Status Flags
r-devel-linux-x86_64-debian-clang 1.2.1 8.38 62.68 71.06 NOTE
r-devel-linux-x86_64-debian-gcc 1.2.1 5.66 42.23 47.89 NOTE
r-devel-linux-x86_64-fedora-clang 1.2.1 113.41 OK
r-devel-linux-x86_64-fedora-gcc 1.2.1 106.19 OK
r-devel-windows-x86_64 1.2.1 8.00 71.00 79.00 OK
r-patched-linux-x86_64 1.2.1 6.42 57.85 64.27 OK
r-release-linux-x86_64 1.2.1 8.23 59.35 67.58 OK
r-release-macos-arm64 1.2.1 34.00 OK
r-release-macos-x86_64 1.2.1 62.00 OK
r-release-windows-x86_64 1.2.1 8.00 73.00 81.00 OK
r-oldrel-macos-arm64 1.2.1 30.00 OK
r-oldrel-macos-x86_64 1.2.1 46.00 OK
r-oldrel-windows-x86_64 1.2.1 12.00 88.00 100.00 OK

Check Details

Version: 1.2.1
Check: CRAN incoming feasibility
Result: NOTE Maintainer: ‘Bonne J.H. Zijlstra <B.J.H.Zijlstra@uva.nl>’ No Authors@R field in DESCRIPTION. Please add one, modifying Authors@R: person(given = c("Bonne", "J.H."), family = "Zijlstra", role = c("aut", "cre"), email = "B.J.H.Zijlstra@uva.nl") as necessary. Flavors: r-devel-linux-x86_64-debian-clang, r-devel-linux-x86_64-debian-gcc