Last updated on 2025-04-29 18:50:41 CEST.
Flavor | Version | Tinstall | Tcheck | Ttotal | Status | Flags |
---|---|---|---|---|---|---|
r-devel-linux-x86_64-debian-clang | 0.18 | 11.95 | 253.55 | 265.50 | NOTE | |
r-devel-linux-x86_64-debian-gcc | 0.18 | 7.50 | 145.14 | 152.64 | NOTE | |
r-devel-linux-x86_64-fedora-clang | 0.18 | 399.21 | OK | |||
r-devel-linux-x86_64-fedora-gcc | 0.18 | 391.77 | OK | |||
r-devel-windows-x86_64 | 0.18 | 12.00 | 207.00 | 219.00 | OK | |
r-patched-linux-x86_64 | 0.18 | 10.77 | 240.05 | 250.82 | OK | |
r-release-linux-x86_64 | 0.18 | 10.47 | 238.87 | 249.34 | OK | |
r-release-macos-arm64 | 0.18 | 135.00 | OK | |||
r-release-macos-x86_64 | 0.18 | 233.00 | OK | |||
r-release-windows-x86_64 | 0.18 | 12.00 | 207.00 | 219.00 | OK | |
r-oldrel-macos-arm64 | 0.18 | 90.00 | OK | |||
r-oldrel-macos-x86_64 | 0.18 | 189.00 | OK | |||
r-oldrel-windows-x86_64 | 0.18 | 14.00 | 292.00 | 306.00 | OK |
Version: 0.18
Check: CRAN incoming feasibility
Result: NOTE
Maintainer: ‘Marco Tschimpke <marco.tschimpke@plus.ac.at>’
No Authors@R field in DESCRIPTION.
Please add one, modifying
Authors@R: c(person(given = "Manuela",
family = "Schreyer",
role = "aut",
email = "manuelalarissa.schreyer@sbg.ac.at"),
person(given = "Wolfgang",
family = "Trutschnig",
role = "aut",
email = "Wolfgang.Trutschnig@sbg.ac.at"),
person(given = c("Robert", "R."),
family = "Junker",
role = "aut",
email = "Robert.Junker@sbg.ac.at"),
person(given = "Jonas",
family = "Kuppler",
role = "aut",
email = "Jonas.Kuppler@uni-duesseldorf.de"),
person(given = "Arne",
family = "Bathke",
role = "aut",
email = "Arne.Bathke@sbg.ac.at"),
person(given = c("Judith", "H."),
family = "Parkinson",
role = "aut",
email = "judith.parkinson@sbg.ac.at"),
person(given = "Raoul",
family = "Kutil",
role = "aut",
email = "Raoul_Hugo.Kutil@stud.sbg.ac.at"),
person(given = "Marco",
family = "Tschimpke",
role = "cre",
email = "marco.tschimpke@plus.ac.at"))
as necessary.
Flavors: r-devel-linux-x86_64-debian-clang, r-devel-linux-x86_64-debian-gcc
Version: 0.18
Check: examples
Result: NOTE
Examples with CPU (user + system) or elapsed time > 5s
user system elapsed
dynRB_Pn 5.481 0.088 5.575
dynRB-package 5.432 0.012 5.445
dynRB_VPa 5.211 0.048 5.261
overview 5.196 0.047 5.583
Flavor: r-devel-linux-x86_64-debian-clang