CRAN Package Check Results for Package dynaTree

Last updated on 2025-04-28 18:50:07 CEST.

Flavor Version Tinstall Tcheck Ttotal Status Flags
r-devel-linux-x86_64-debian-clang 1.2-17 13.64 49.28 62.92 OK
r-devel-linux-x86_64-debian-gcc 1.2-17 9.39 41.81 51.20 NOTE
r-devel-linux-x86_64-fedora-clang 1.2-17 111.30 OK
r-devel-linux-x86_64-fedora-gcc 1.2-17 101.87 OK
r-devel-windows-x86_64 1.2-17 20.00 84.00 104.00 OK
r-patched-linux-x86_64 1.2-17 15.02 49.65 64.67 OK
r-release-linux-x86_64 1.2-17 13.31 48.09 61.40 OK
r-release-macos-arm64 1.2-17 33.00 OK
r-release-macos-x86_64 1.2-17 57.00 OK
r-release-windows-x86_64 1.2-17 21.00 85.00 106.00 OK
r-oldrel-macos-arm64 1.2-17 39.00 OK
r-oldrel-macos-x86_64 1.2-17 89.00 OK
r-oldrel-windows-x86_64 1.2-17 21.00 101.00 122.00 OK

Check Details

Version: 1.2-17
Check: examples
Result: NOTE Examples with CPU (user + system) or elapsed time > 5s user system elapsed getBF 4.246 0.011 5.259 Flavor: r-devel-linux-x86_64-debian-gcc