Last updated on 2025-04-28 18:50:07 CEST.
Flavor | Version | Tinstall | Tcheck | Ttotal | Status | Flags |
---|---|---|---|---|---|---|
r-devel-linux-x86_64-debian-clang | 1.3.4 | 9.01 | 255.37 | 264.38 | OK | |
r-devel-linux-x86_64-debian-gcc | 1.3.4 | 4.16 | 154.20 | 158.36 | NOTE | |
r-devel-linux-x86_64-fedora-clang | 1.3.4 | 411.61 | OK | |||
r-devel-linux-x86_64-fedora-gcc | 1.3.4 | 389.21 | OK | |||
r-devel-windows-x86_64 | 1.3.4 | 10.00 | 219.00 | 229.00 | OK | |
r-patched-linux-x86_64 | 1.3.4 | 6.99 | 234.41 | 241.40 | OK | |
r-release-linux-x86_64 | 1.3.4 | 7.14 | 229.60 | 236.74 | OK | |
r-release-macos-arm64 | 1.3.4 | 117.00 | OK | |||
r-release-macos-x86_64 | 1.3.4 | 208.00 | OK | |||
r-release-windows-x86_64 | 1.3.4 | 12.00 | 218.00 | 230.00 | OK | |
r-oldrel-macos-arm64 | 1.3.4 | 110.00 | OK | |||
r-oldrel-macos-x86_64 | 1.3.4 | 327.00 | OK | |||
r-oldrel-windows-x86_64 | 1.3.4 | 14.00 | 298.00 | 312.00 | OK |
Version: 1.3.4
Check: examples
Result: NOTE
Examples with CPU (user + system) or elapsed time > 5s
user system elapsed
spatiotemp_autocorr 4.236 0.63 5.084
Flavor: r-devel-linux-x86_64-debian-gcc