Last updated on 2025-04-29 06:49:41 CEST.
Flavor | Version | Tinstall | Tcheck | Ttotal | Status | Flags |
---|---|---|---|---|---|---|
r-devel-linux-x86_64-debian-clang | 1.1 | 1.80 | 18.46 | 20.26 | OK | |
r-devel-linux-x86_64-debian-gcc | 1.1 | 1.28 | 15.05 | 16.33 | NOTE | |
r-devel-linux-x86_64-fedora-clang | 1.1 | 30.90 | OK | |||
r-devel-linux-x86_64-fedora-gcc | 1.1 | 29.91 | OK | |||
r-devel-windows-x86_64 | 1.1 | 3.00 | 37.00 | 40.00 | OK | |
r-patched-linux-x86_64 | 1.1 | 1.66 | 18.17 | 19.83 | OK | |
r-release-linux-x86_64 | 1.1 | 1.48 | 18.01 | 19.49 | OK | |
r-release-macos-arm64 | 1.1 | 14.00 | OK | |||
r-release-macos-x86_64 | 1.1 | 23.00 | OK | |||
r-release-windows-x86_64 | 1.1 | 4.00 | 40.00 | 44.00 | OK | |
r-oldrel-macos-arm64 | 1.1 | 14.00 | OK | |||
r-oldrel-macos-x86_64 | 1.1 | 20.00 | OK | |||
r-oldrel-windows-x86_64 | 1.1 | 3.00 | 35.00 | 38.00 | OK |
Version: 1.1
Check: CRAN incoming feasibility
Result: NOTE
Maintainer: ‘Nathaniel E. Helwig <helwig@umn.edu>’
No Authors@R field in DESCRIPTION.
Please add one, modifying
Authors@R: person(given = c("Nathaniel", "E."),
family = "Helwig",
role = c("aut", "cre"),
email = "helwig@umn.edu")
as necessary.
Flavor: r-devel-linux-x86_64-debian-gcc