CRAN Package Check Results for Package eia

Last updated on 2025-07-05 18:49:08 CEST.

Flavor Version Tinstall Tcheck Ttotal Status Flags
r-devel-linux-x86_64-debian-clang 0.4.2 4.50 43.95 48.45 NOTE
r-devel-linux-x86_64-debian-gcc 0.4.2 2.54 33.39 35.93 NOTE
r-devel-linux-x86_64-fedora-clang 0.4.2 75.69 NOTE
r-devel-linux-x86_64-fedora-gcc 0.4.2 84.83 NOTE
r-devel-windows-x86_64 0.4.2 6.00 60.00 66.00 NOTE
r-patched-linux-x86_64 0.4.2 3.87 40.70 44.57 NOTE
r-release-linux-x86_64 0.4.2 3.70 40.22 43.92 NOTE
r-release-macos-arm64 0.4.2 37.00 NOTE
r-release-macos-x86_64 0.4.2 63.00 NOTE
r-release-windows-x86_64 0.4.2 6.00 61.00 67.00 NOTE
r-oldrel-macos-arm64 0.4.2 34.00 OK
r-oldrel-macos-x86_64 0.4.2 46.00 OK
r-oldrel-windows-x86_64 0.4.2 8.00 69.00 77.00 OK

Check Details

Version: 0.4.2
Check: DESCRIPTION meta-information
Result: NOTE Missing dependency on R >= 4.1.0 because package code uses the pipe |> or function shorthand \(...) syntax added in R 4.1.0. File(s) using such syntax: ‘directory.R’ ‘facets.R’ ‘metadata.R’ Flavors: r-devel-linux-x86_64-debian-clang, r-devel-linux-x86_64-debian-gcc, r-devel-linux-x86_64-fedora-clang, r-devel-linux-x86_64-fedora-gcc, r-devel-windows-x86_64, r-patched-linux-x86_64, r-release-linux-x86_64, r-release-macos-arm64, r-release-macos-x86_64, r-release-windows-x86_64