Last updated on 2025-04-28 18:50:08 CEST.
Flavor | Version | Tinstall | Tcheck | Ttotal | Status | Flags |
---|---|---|---|---|---|---|
r-devel-linux-x86_64-debian-clang | 1.2 | 9.42 | 71.79 | 81.21 | NOTE | |
r-devel-linux-x86_64-debian-gcc | 1.2 | 6.52 | 51.62 | 58.14 | NOTE | |
r-devel-linux-x86_64-fedora-clang | 1.2 | 124.86 | NOTE | |||
r-devel-linux-x86_64-fedora-gcc | 1.2 | 122.22 | NOTE | |||
r-devel-windows-x86_64 | 1.2 | 9.00 | 79.00 | 88.00 | NOTE | |
r-patched-linux-x86_64 | 1.2 | 8.61 | 68.14 | 76.75 | NOTE | |
r-release-linux-x86_64 | 1.2 | 8.07 | 68.38 | 76.45 | NOTE | |
r-release-macos-arm64 | 1.2 | 41.00 | NOTE | |||
r-release-macos-x86_64 | 1.2 | 80.00 | NOTE | |||
r-release-windows-x86_64 | 1.2 | 9.00 | 81.00 | 90.00 | NOTE | |
r-oldrel-macos-arm64 | 1.2 | 29.00 | NOTE | |||
r-oldrel-macos-x86_64 | 1.2 | 44.00 | NOTE | |||
r-oldrel-windows-x86_64 | 1.2 | 12.00 | 105.00 | 117.00 | NOTE |
Version: 1.2
Check: Rd files
Result: NOTE
checkRd: (-1) electData.Rd:16: Lost braces; missing escapes or markup?
16 | Variables: \code{id} = {identification number},
| ^
checkRd: (-1) electData.Rd:17: Lost braces; missing escapes or markup?
17 | \code{state} = {state}, \code{age} = age in years on a shifted scale (current age minus 70),
| ^
checkRd: (-1) summary.elect.Rd:25: Lost braces; missing escapes or markup?
25 | TRUE for output on start-state totals e_{r.} (for \code{S}>0)
| ^
Flavors: r-devel-linux-x86_64-debian-clang, r-devel-linux-x86_64-debian-gcc, r-devel-linux-x86_64-fedora-clang, r-devel-linux-x86_64-fedora-gcc, r-devel-windows-x86_64, r-patched-linux-x86_64, r-release-linux-x86_64, r-release-macos-arm64, r-release-macos-x86_64, r-release-windows-x86_64, r-oldrel-macos-arm64, r-oldrel-macos-x86_64, r-oldrel-windows-x86_64
Version: 1.2
Check: CRAN incoming feasibility
Result: NOTE
Maintainer: ‘Ardo van den Hout <Ardo.vandenHout@ucl.ac.uk>’
No Authors@R field in DESCRIPTION.
Please add one, modifying
Authors@R: c(person(given = "Ardo",
family = "van den Hout",
role = c("aut", "cre"),
email = "ardo.vandenhout@ucl.ac.uk"),
person(given = c("Mei", "Sum"),
family = "Chan",
role = "aut"))
as necessary.
Flavor: r-devel-linux-x86_64-debian-gcc