Last updated on 2025-04-28 18:50:08 CEST.
Flavor | Version | Tinstall | Tcheck | Ttotal | Status | Flags |
---|---|---|---|---|---|---|
r-devel-linux-x86_64-debian-clang | 0.3.1 | 8.26 | 26.99 | 35.25 | OK | |
r-devel-linux-x86_64-debian-gcc | 0.3.1 | 6.38 | 20.97 | 27.35 | NOTE | |
r-devel-linux-x86_64-fedora-clang | 0.3.1 | 57.84 | OK | |||
r-devel-linux-x86_64-fedora-gcc | 0.3.1 | 71.10 | OK | |||
r-devel-windows-x86_64 | 0.3.1 | 9.00 | 48.00 | 57.00 | OK | |
r-patched-linux-x86_64 | 0.3.1 | 7.15 | 26.54 | 33.69 | OK | |
r-release-linux-x86_64 | 0.3.1 | 8.58 | 26.76 | 35.34 | OK | |
r-release-macos-arm64 | 0.3.1 | 30.00 | OK | |||
r-release-macos-x86_64 | 0.3.1 | 52.00 | OK | |||
r-release-windows-x86_64 | 0.3.1 | 9.00 | 50.00 | 59.00 | OK | |
r-oldrel-macos-arm64 | 0.3.1 | 35.00 | OK | |||
r-oldrel-macos-x86_64 | 0.3.1 | 40.00 | OK | |||
r-oldrel-windows-x86_64 | 0.3.1 | 10.00 | 55.00 | 65.00 | OK |
Version: 0.3.1
Check: CRAN incoming feasibility
Result: NOTE
Maintainer: ‘Gert Janssenswillen <gert.janssenswillen@uhasselt.be>’
The BugReports field in DESCRIPTION has
https://github.com/bupaverse/eventdataR/
which should likely be
https://github.com/bupaverse/eventdataR/issues
instead.
Flavor: r-devel-linux-x86_64-debian-gcc