Last updated on 2025-04-29 06:49:41 CEST.
Flavor | Version | Tinstall | Tcheck | Ttotal | Status | Flags |
---|---|---|---|---|---|---|
r-devel-linux-x86_64-debian-clang | 2.1.0 | 2.86 | 54.27 | 57.13 | NOTE | |
r-devel-linux-x86_64-debian-gcc | 2.1.0 | 2.20 | 37.35 | 39.55 | NOTE | |
r-devel-linux-x86_64-fedora-clang | 2.1.0 | 86.86 | NOTE | |||
r-devel-linux-x86_64-fedora-gcc | 2.1.0 | 85.45 | NOTE | |||
r-devel-windows-x86_64 | 2.1.0 | 4.00 | 77.00 | 81.00 | NOTE | |
r-patched-linux-x86_64 | 2.1.0 | 3.23 | 51.15 | 54.38 | NOTE | |
r-release-linux-x86_64 | 2.1.0 | 2.72 | 50.66 | 53.38 | NOTE | |
r-release-macos-arm64 | 2.1.0 | 34.00 | NOTE | |||
r-release-macos-x86_64 | 2.1.0 | 52.00 | NOTE | |||
r-release-windows-x86_64 | 2.1.0 | 4.00 | 75.00 | 79.00 | NOTE | |
r-oldrel-macos-arm64 | 2.1.0 | 29.00 | NOTE | |||
r-oldrel-macos-x86_64 | 2.1.0 | 43.00 | NOTE | |||
r-oldrel-windows-x86_64 | 2.1.0 | 5.00 | 95.00 | 100.00 | NOTE |
Version: 2.1.0
Check: Rd files
Result: NOTE
checkRd: (-1) calculateGLR.Rd:43: Escaped LaTeX specials: \&
checkRd: (-1) glr.Rd:5: Lost braces
5 | Conducts a generalized likelihood ratio test testing whether {\eqn{\beta \in} (-\code{c},\code{c})}. Covariates can be accommodated.
| ^
checkRd: (-1) glr.Rd:34: Lost braces
34 | This is a similar function to the main function \code{evian}. Instead of testing H0: \eqn{\beta}=0, it tests for whether H0:{\eqn{\beta \in} (-\code{c},\code{c})}.
| ^
Flavors: r-devel-linux-x86_64-debian-clang, r-devel-linux-x86_64-debian-gcc, r-devel-linux-x86_64-fedora-clang, r-devel-linux-x86_64-fedora-gcc, r-devel-windows-x86_64, r-patched-linux-x86_64, r-release-linux-x86_64, r-release-macos-arm64, r-release-macos-x86_64, r-release-windows-x86_64, r-oldrel-macos-arm64, r-oldrel-macos-x86_64, r-oldrel-windows-x86_64
Version: 2.1.0
Check: CRAN incoming feasibility
Result: NOTE
Maintainer: ‘Jiafen Gong <jiafen.gong@sickkids.ca>’
No Authors@R field in DESCRIPTION.
Please add one, modifying
Authors@R: c(person(given = c("Dr.", "Lisa", "J", "Strug;", "Dr.", "Zeynep", "Baskurt", "<zeynep.baskurt@sickkids.ca>;", "Bowei", "Xiao", "<bowei.xiao91@gmail.com>;", "Ted", "Chiang"),
family = "<theodorechiang@gmail.com>",
role = "aut",
email = "theodorechiang@gmail.com"),
person(given = "Jiafen",
family = "Gong",
role = "cre",
email = "jiafen.gong@sickkids.ca"))
as necessary.
Flavor: r-devel-linux-x86_64-debian-gcc