Last updated on 2025-04-29 06:49:41 CEST.
Flavor | Version | Tinstall | Tcheck | Ttotal | Status | Flags |
---|---|---|---|---|---|---|
r-devel-linux-x86_64-debian-clang | 1.1.1 | 2.71 | 24.77 | 27.48 | OK | |
r-devel-linux-x86_64-debian-gcc | 1.1.1 | 2.03 | 20.37 | 22.40 | NOTE | |
r-devel-linux-x86_64-fedora-clang | 1.1.1 | 42.33 | OK | |||
r-devel-linux-x86_64-fedora-gcc | 1.1.1 | 41.32 | OK | |||
r-devel-windows-x86_64 | 1.1.1 | 4.00 | 49.00 | 53.00 | OK | |
r-patched-linux-x86_64 | 1.1.1 | 3.00 | 24.42 | 27.42 | OK | |
r-release-linux-x86_64 | 1.1.1 | 2.45 | 23.89 | 26.34 | OK | |
r-release-macos-arm64 | 1.1.1 | 22.00 | OK | |||
r-release-macos-x86_64 | 1.1.1 | 32.00 | OK | |||
r-release-windows-x86_64 | 1.1.1 | 5.00 | 50.00 | 55.00 | OK | |
r-oldrel-macos-arm64 | 1.1.1 | 16.00 | OK | |||
r-oldrel-macos-x86_64 | 1.1.1 | 24.00 | OK | |||
r-oldrel-windows-x86_64 | 1.1.1 | 5.00 | 53.00 | 58.00 | OK |
Version: 1.1.1
Check: CRAN incoming feasibility
Result: NOTE
Maintainer: ‘Chris J. Lloyd <c.lloyd@mbs.edu>’
No Authors@R field in DESCRIPTION.
Please add one, modifying
Authors@R: person(given = c("Chris", "J."),
family = "Lloyd",
role = c("aut", "cre"),
email = "c.lloyd@mbs.edu")
as necessary.
Flavor: r-devel-linux-x86_64-debian-gcc