Last updated on 2025-04-28 18:50:08 CEST.
Flavor | Version | Tinstall | Tcheck | Ttotal | Status | Flags |
---|---|---|---|---|---|---|
r-devel-linux-x86_64-debian-clang | 1.6.9 | 6.54 | 86.01 | 92.55 | NOTE | |
r-devel-linux-x86_64-debian-gcc | 1.6.9 | 5.41 | 60.33 | 65.74 | NOTE | |
r-devel-linux-x86_64-fedora-clang | 1.6.9 | 149.18 | OK | |||
r-devel-linux-x86_64-fedora-gcc | 1.6.9 | 156.22 | OK | |||
r-devel-windows-x86_64 | 1.6.9 | 9.00 | 153.00 | 162.00 | NOTE | |
r-patched-linux-x86_64 | 1.6.9 | 8.25 | 83.71 | 91.96 | NOTE | |
r-release-linux-x86_64 | 1.6.9 | 7.84 | 83.74 | 91.58 | NOTE | |
r-release-macos-arm64 | 1.6.9 | 82.00 | OK | |||
r-release-macos-x86_64 | 1.6.9 | 119.00 | OK | |||
r-release-windows-x86_64 | 1.6.9 | 11.00 | 146.00 | 157.00 | NOTE | |
r-oldrel-macos-arm64 | 1.6.9 | 52.00 | OK | |||
r-oldrel-macos-x86_64 | 1.6.9 | 86.00 | OK | |||
r-oldrel-windows-x86_64 | 1.6.9 | 14.00 | 156.00 | 170.00 | OK |
Version: 1.6.9
Check: Rd cross-references
Result: NOTE
Found the following Rd file(s) with Rd \link{} targets missing package
anchors:
power2x2.Rd: uniroot.integer, ss.nonadh
unirootGrid.Rd: uniroot.integer
Please provide package anchors for all Rd \link{} targets not in the
package itself and the base packages.
Flavors: r-devel-linux-x86_64-debian-clang, r-devel-linux-x86_64-debian-gcc, r-devel-windows-x86_64, r-patched-linux-x86_64, r-release-linux-x86_64, r-release-windows-x86_64
Version: 1.6.9
Check: CRAN incoming feasibility
Result: NOTE
Maintainer: ‘Michael P. Fay <mfay@niaid.nih.gov>’
No Authors@R field in DESCRIPTION.
Please add one, modifying
Authors@R: c(person(given = c("Michael", "P."),
family = "Fay",
role = c("aut", "cre"),
email = "mfay@niaid.nih.gov"),
person(given = c("Sally", "A."),
family = "Hunsberger",
role = "ctb"),
person(given = "Martha",
family = "Nason",
role = "ctb"),
person(given = "Erin",
family = "Gabriel",
role = "ctb"),
person(given = "Keith",
family = "Lumbard",
role = "ctb"))
as necessary.
Flavor: r-devel-linux-x86_64-debian-gcc