CRAN Package Check Results for Package exreport

Last updated on 2025-04-29 06:49:41 CEST.

Flavor Version Tinstall Tcheck Ttotal Status Flags
r-devel-linux-x86_64-debian-clang 0.4.1 6.78 56.58 63.36 OK
r-devel-linux-x86_64-debian-gcc 0.4.1 4.51 43.45 47.96 NOTE
r-devel-linux-x86_64-fedora-clang 0.4.1 98.07 OK
r-devel-linux-x86_64-fedora-gcc 0.4.1 91.96 OK
r-devel-windows-x86_64 0.4.1 9.00 75.00 84.00 OK
r-patched-linux-x86_64 0.4.1 6.88 57.26 64.14 OK
r-release-linux-x86_64 0.4.1 6.54 57.18 63.72 OK
r-release-macos-arm64 0.4.1 32.00 OK
r-release-macos-x86_64 0.4.1 54.00 OK
r-release-windows-x86_64 0.4.1 10.00 76.00 86.00 OK
r-oldrel-macos-arm64 0.4.1 27.00 OK
r-oldrel-macos-x86_64 0.4.1 45.00 OK
r-oldrel-windows-x86_64 0.4.1 12.00 91.00 103.00 OK

Check Details

Version: 0.4.1
Check: examples
Result: NOTE Examples with CPU (user + system) or elapsed time > 5s user system elapsed plotExpSummary 3.589 0.065 6.341 Flavor: r-devel-linux-x86_64-debian-gcc