CRAN Package Check Results for Package fastcpd

Last updated on 2025-04-29 06:49:42 CEST.

Flavor Version Tinstall Tcheck Ttotal Status Flags
r-devel-linux-x86_64-debian-clang 0.16.1 188.09 114.61 302.70 OK
r-devel-linux-x86_64-debian-gcc 0.16.2 148.48 89.19 237.67 NOTE
r-devel-linux-x86_64-fedora-clang 0.16.2 531.31 OK
r-devel-linux-x86_64-fedora-gcc 0.16.2 624.61 OK
r-devel-windows-x86_64 0.16.2 205.00 170.00 375.00 OK
r-patched-linux-x86_64 0.16.2 194.43 119.89 314.32 OK
r-release-linux-x86_64 0.16.2 196.98 118.41 315.39 OK
r-release-macos-arm64 0.16.2 140.00 OK
r-release-macos-x86_64 0.16.2 223.00 OK
r-release-windows-x86_64 0.16.2 205.00 184.00 389.00 OK
r-oldrel-macos-arm64 0.16.2 133.00 NOTE
r-oldrel-macos-x86_64 0.16.2 252.00 NOTE
r-oldrel-windows-x86_64 0.16.2 149.00 193.00 342.00 NOTE

Check Details

Version: 0.16.2
Check: examples
Result: NOTE Examples with CPU (user + system) or elapsed time > 5s user system elapsed fastcpd_mean 6.308 0.162 7.859 Flavor: r-devel-linux-x86_64-debian-gcc

Version: 0.16.2
Check: installed package size
Result: NOTE installed size is 64.8Mb sub-directories of 1Mb or more: doc 2.4Mb help 1.8Mb libs 59.3Mb Flavors: r-oldrel-macos-arm64, r-oldrel-macos-x86_64, r-oldrel-windows-x86_64