Last updated on 2025-07-04 07:49:27 CEST.
Flavor | Version | Tinstall | Tcheck | Ttotal | Status | Flags |
---|---|---|---|---|---|---|
r-devel-linux-x86_64-debian-clang | 2.2 | 20.60 | 298.58 | 319.18 | NOTE | |
r-devel-linux-x86_64-debian-gcc | 2.2 | 19.50 | 226.03 | 245.53 | NOTE | |
r-devel-linux-x86_64-fedora-clang | 2.2 | 515.21 | OK | |||
r-devel-linux-x86_64-fedora-gcc | 2.2 | 517.83 | OK | |||
r-devel-windows-x86_64 | 2.2 | 22.00 | 299.00 | 321.00 | OK | |
r-patched-linux-x86_64 | 2.2 | 21.39 | 297.95 | 319.34 | OK | |
r-release-linux-x86_64 | 2.2 | 21.11 | 297.64 | 318.75 | OK | |
r-release-macos-arm64 | 2.2 | 125.00 | OK | |||
r-release-macos-x86_64 | 2.2 | 263.00 | OK | |||
r-release-windows-x86_64 | 2.2 | 28.00 | 263.00 | 291.00 | OK | |
r-oldrel-macos-arm64 | 2.2 | 127.00 | OK | |||
r-oldrel-macos-x86_64 | 2.2 | 177.00 | OK | |||
r-oldrel-windows-x86_64 | 2.2 | 23.00 | 360.00 | 383.00 | OK |
Version: 2.2
Check: CRAN incoming feasibility
Result: NOTE
Maintainer: ‘Riko Kelter <riko_k@gmx.de>’
No Authors@R field in DESCRIPTION.
Please add one, modifying
Authors@R: person(given = "Riko",
family = "Kelter",
role = c("aut", "cre"),
email = "riko_k@gmx.de")
as necessary.
Flavors: r-devel-linux-x86_64-debian-clang, r-devel-linux-x86_64-debian-gcc