Last updated on 2025-04-28 18:50:09 CEST.
Flavor | Version | Tinstall | Tcheck | Ttotal | Status | Flags |
---|---|---|---|---|---|---|
r-devel-linux-x86_64-debian-clang | 1.0-0 | 14.07 | 1045.75 | 1059.82 | OK | |
r-devel-linux-x86_64-debian-gcc | 1.0-0 | 11.05 | 927.24 | 938.29 | NOTE | |
r-devel-linux-x86_64-fedora-clang | 1.0-0 | 1415.43 | OK | |||
r-devel-linux-x86_64-fedora-gcc | 1.0-0 | 2005.14 | OK | |||
r-devel-windows-x86_64 | 1.0-0 | 14.00 | 1613.00 | 1627.00 | OK | |
r-patched-linux-x86_64 | 1.0-0 | 13.78 | 1257.06 | 1270.84 | OK | |
r-release-linux-x86_64 | 1.0-0 | 12.34 | 1240.29 | 1252.63 | OK | |
r-release-macos-arm64 | 1.0-0 | 450.00 | OK | |||
r-release-macos-x86_64 | 1.0-0 | 1424.00 | OK | |||
r-release-windows-x86_64 | 1.0-0 | 14.00 | 0.00 | 14.00 | FAIL | |
r-oldrel-macos-arm64 | 1.0-0 | 376.00 | OK | |||
r-oldrel-macos-x86_64 | 1.0-0 | 1064.00 | OK | |||
r-oldrel-windows-x86_64 | 1.0-0 | 20.00 | 1206.00 | 1226.00 | OK |
Version: 1.0-0
Check: examples
Result: NOTE
Examples with CPU (user + system) or elapsed time > 5s
user system elapsed
log_lik_flocker 4.803 0.197 5.98
Flavor: r-devel-linux-x86_64-debian-gcc
Version: 1.0-0
Check: HTML version of manual
Result: FAIL
Check process probably crashed or hung up for 20 minutes ... killed
Most likely this happened in the example checks (?),
if not, ignore the following last lines of example output:
[5941] -1.43684344 -1.43684344 -1.43684344 -1.43684344 -1.43684344 -1.43684344
[5947] -1.43684344 -1.43684344 -1.43684344 -1.43684344 -1.43684344 -1.43684344
[5953] -1.43684344 -1.43684344 -1.43684344 -1.43684344 -1.43684344 -1.43684344
[5959] -1.43684344 -1.43684344 -1.43684344 -1.43684344 -1.43684344 -1.43684344
[5965] -1.43684344 -1.43684344 -1.43684344 -1.43684344 -1.43684344 -1.43684344
[5971] -1.56842462 -1.56842462 -1.56842462 -1.56842462 -1.56842462 -1.56842462
[5977] -1.56842462 -1.56842462 -1.56842462 -1.56842462 -1.56842462 -1.56842462
[5983] -1.56842462 -1.56842462 -1.56842462 -1.56842462 -1.56842462 -1.56842462
[5989] -1.56842462 -1.56842462 -1.56842462 -1.56842462 -1.56842462 -1.56842462
[5995] -1.56842462 -1.56842462 -1.56842462 -1.56842462 -1.56842462 -1.56842462
>
>
>
> ### * <FOOTER>
> ###
> cleanEx()
> options(digits = 7L)
> base::cat("Time elapsed: ", proc.time() - base::get("ptime", pos = 'CheckExEnv'),"\n")
Time elapsed: 16.02 1.63 17.69 NA NA
> grDevices::dev.off()
null device
1
> ###
> ### Local variables: ***
> ### mode: outline-minor ***
> ### outline-regexp: "\\(> \\)?### [*]+" ***
> ### End: ***
> quit('no')
======== End of example output (where/before crash/hang up occured ?) ========
Flavor: r-release-windows-x86_64