Last updated on 2025-04-28 18:50:09 CEST.
Flavor | Version | Tinstall | Tcheck | Ttotal | Status | Flags |
---|---|---|---|---|---|---|
r-devel-linux-x86_64-debian-clang | 1.1.4 | 1.96 | 20.28 | 22.24 | OK | |
r-devel-linux-x86_64-debian-gcc | 1.1.4 | 1.53 | 17.61 | 19.14 | NOTE | |
r-devel-linux-x86_64-fedora-clang | 1.1.4 | 34.66 | OK | |||
r-devel-linux-x86_64-fedora-gcc | 1.1.4 | 33.08 | OK | |||
r-devel-windows-x86_64 | 1.1.4 | 3.00 | 41.00 | 44.00 | OK | |
r-patched-linux-x86_64 | 1.1.4 | 1.89 | 19.84 | 21.73 | OK | |
r-release-linux-x86_64 | 1.1.4 | 1.97 | 19.88 | 21.85 | OK | |
r-release-macos-arm64 | 1.1.4 | 17.00 | OK | |||
r-release-macos-x86_64 | 1.1.4 | 25.00 | OK | |||
r-release-windows-x86_64 | 1.1.4 | 3.00 | 42.00 | 45.00 | OK | |
r-oldrel-macos-arm64 | 1.1.4 | 17.00 | OK | |||
r-oldrel-macos-x86_64 | 1.1.4 | 26.00 | OK | |||
r-oldrel-windows-x86_64 | 1.1.4 | 3.00 | 43.00 | 46.00 | OK |
Version: 1.1.4
Check: CRAN incoming feasibility
Result: NOTE
Maintainer: ‘Gábor Csárdi <csardi.gabor@gmail.com>’
No Authors@R field in DESCRIPTION.
Please add one, modifying
Authors@R: c(person(given = "Gabor",
family = "Csardi",
role = "aut"),
person(given = "Titus",
family = "Wormer",
role = "aut"),
person(given = "Maciej",
family = "Ceglowski",
role = "aut"),
person(given = c("Jacob", "R."),
family = "Rideout",
role = "aut"),
person(given = c("and", "Kent", "S."),
family = "Johnson",
role = "aut"),
person(given = "Gábor",
family = "Csárdi",
role = "cre",
email = "csardi.gabor@gmail.com"))
as necessary.
Flavor: r-devel-linux-x86_64-debian-gcc