Last updated on 2025-04-28 18:50:09 CEST.
Flavor | Version | Tinstall | Tcheck | Ttotal | Status | Flags |
---|---|---|---|---|---|---|
r-devel-linux-x86_64-debian-clang | 1.2 | 8.65 | 65.64 | 74.29 | OK | |
r-devel-linux-x86_64-debian-gcc | 1.2 | 6.35 | 50.72 | 57.07 | NOTE | |
r-devel-linux-x86_64-fedora-clang | 1.2 | 115.09 | OK | |||
r-devel-linux-x86_64-fedora-gcc | 1.2 | 108.36 | OK | |||
r-devel-windows-x86_64 | 1.2 | 10.00 | 83.00 | 93.00 | OK | |
r-patched-linux-x86_64 | 1.2 | 7.46 | 64.26 | 71.72 | OK | |
r-release-linux-x86_64 | 1.2 | 6.14 | 63.68 | 69.82 | OK | |
r-release-macos-arm64 | 1.2 | 38.00 | OK | |||
r-release-macos-x86_64 | 1.2 | 66.00 | OK | |||
r-release-windows-x86_64 | 1.2 | 9.00 | 83.00 | 92.00 | OK | |
r-oldrel-macos-arm64 | 1.2 | 36.00 | OK | |||
r-oldrel-macos-x86_64 | 1.2 | 52.00 | OK | |||
r-oldrel-windows-x86_64 | 1.2 | 11.00 | 95.00 | 106.00 | OK |
Version: 1.2
Check: CRAN incoming feasibility
Result: NOTE
Maintainer: ‘Charles Bouveyron <charles.bouveyron@gmail.com>’
No Authors@R field in DESCRIPTION.
Please add one, modifying
Authors@R: person(given = "Charles",
family = "Bouveyron",
role = c("aut", "cre"),
email = "charles.bouveyron@gmail.com")
as necessary.
Flavor: r-devel-linux-x86_64-debian-gcc