CRAN Package Check Results for Package gMOIP

Last updated on 2025-04-28 18:50:10 CEST.

Flavor Version Tinstall Tcheck Ttotal Status Flags
r-devel-linux-x86_64-debian-clang 1.5.4 8.83 242.81 251.64 NOTE
r-devel-linux-x86_64-debian-gcc 1.5.4 7.14 176.31 183.45 NOTE
r-devel-linux-x86_64-fedora-clang 1.5.4 406.92 NOTE
r-devel-linux-x86_64-fedora-gcc 1.5.4 400.92 NOTE
r-devel-windows-x86_64 1.5.4 13.00 230.00 243.00 NOTE
r-patched-linux-x86_64 1.5.4 11.98 235.37 247.35 NOTE
r-release-linux-x86_64 1.5.4 10.03 237.74 247.77 NOTE
r-release-macos-arm64 1.5.4 107.00 NOTE
r-release-macos-x86_64 1.5.4 227.00 NOTE
r-release-windows-x86_64 1.5.4 12.00 221.00 233.00 NOTE
r-oldrel-macos-arm64 1.5.4 113.00 NOTE
r-oldrel-macos-x86_64 1.5.4 192.00 NOTE
r-oldrel-windows-x86_64 1.5.4 17.00 291.00 308.00 NOTE

Check Details

Version: 1.5.4
Check: DESCRIPTION meta-information
Result: NOTE Missing dependency on R >= 4.1.0 because package code uses the pipe |> or function shorthand \(...) syntax added in R 4.1.0. File(s) using such syntax: ‘ndset.R’ Flavors: r-devel-linux-x86_64-debian-clang, r-devel-linux-x86_64-debian-gcc, r-devel-linux-x86_64-fedora-clang, r-devel-linux-x86_64-fedora-gcc, r-devel-windows-x86_64, r-patched-linux-x86_64, r-release-linux-x86_64, r-release-macos-arm64, r-release-macos-x86_64, r-release-windows-x86_64

Version: 1.5.4
Check: installed package size
Result: NOTE installed size is 6.3Mb sub-directories of 1Mb or more: doc 5.0Mb Flavors: r-oldrel-macos-arm64, r-oldrel-macos-x86_64, r-oldrel-windows-x86_64