Last updated on 2025-04-29 06:49:42 CEST.
Flavor | Version | Tinstall | Tcheck | Ttotal | Status | Flags |
---|---|---|---|---|---|---|
r-devel-linux-x86_64-debian-clang | 0.1.0 | 5.41 | 59.88 | 65.29 | OK | |
r-devel-linux-x86_64-debian-gcc | 0.1.0 | 3.78 | 41.50 | 45.28 | NOTE | |
r-devel-linux-x86_64-fedora-clang | 0.1.0 | 108.37 | OK | |||
r-devel-linux-x86_64-fedora-gcc | 0.1.0 | 111.32 | OK | |||
r-devel-windows-x86_64 | 0.1.0 | 6.00 | 79.00 | 85.00 | OK | |
r-patched-linux-x86_64 | 0.1.0 | 4.71 | 56.69 | 61.40 | OK | |
r-release-linux-x86_64 | 0.1.0 | 4.96 | 57.05 | 62.01 | OK | |
r-release-macos-arm64 | 0.1.0 | 40.00 | OK | |||
r-release-macos-x86_64 | 0.1.0 | 65.00 | OK | |||
r-release-windows-x86_64 | 0.1.0 | 6.00 | 81.00 | 87.00 | OK | |
r-oldrel-macos-arm64 | 0.1.0 | 33.00 | OK | |||
r-oldrel-macos-x86_64 | 0.1.0 | 52.00 | OK | |||
r-oldrel-windows-x86_64 | 0.1.0 | 8.00 | 93.00 | 101.00 | OK |
Version: 0.1.0
Check: CRAN incoming feasibility
Result: NOTE
Maintainer: ‘Hoon Hwangbo <hhwangb1@utk.edu>’
The Description field contains
Hwangbo, Y. Ding, and D. Cabezon (2019) <arXiv:1906.05776>.
Please refer to arXiv e-prints via their arXiv DOI <doi:10.48550/arXiv.YYMM.NNNNN>.
Flavor: r-devel-linux-x86_64-debian-gcc