CRAN Package Check Results for Package gamclass

Last updated on 2025-04-29 06:49:42 CEST.

Flavor Version Tinstall Tcheck Ttotal Status Flags
r-devel-linux-x86_64-debian-clang 0.62.5 5.27 129.26 134.53 NOTE
r-devel-linux-x86_64-debian-gcc 0.62.5 3.25 101.10 104.35 NOTE
r-devel-linux-x86_64-fedora-clang 0.62.5 223.51 OK
r-devel-linux-x86_64-fedora-gcc 0.62.5 220.00 OK
r-devel-windows-x86_64 0.62.5 7.00 153.00 160.00 NOTE
r-patched-linux-x86_64 0.62.5 5.41 127.48 132.89 NOTE
r-release-linux-x86_64 0.62.5 4.40 126.62 131.02 NOTE
r-release-macos-arm64 0.62.5 95.00 OK
r-release-macos-x86_64 0.62.5 188.00 OK
r-release-windows-x86_64 0.62.5 7.00 153.00 160.00 NOTE
r-oldrel-macos-arm64 0.62.5 85.00 OK
r-oldrel-macos-x86_64 0.62.5 131.00 OK
r-oldrel-windows-x86_64 0.62.5 9.00 192.00 201.00 OK

Check Details

Version: 0.62.5
Check: Rd cross-references
Result: NOTE Found the following Rd file(s) with Rd \link{} targets missing package anchors: CVgam.Rd: gam addhlines.Rd: rpart, predict.rpart gamRF.Rd: gam Please provide package anchors for all Rd \link{} targets not in the package itself and the base packages. Flavors: r-devel-linux-x86_64-debian-clang, r-devel-linux-x86_64-debian-gcc, r-devel-windows-x86_64, r-patched-linux-x86_64, r-release-linux-x86_64, r-release-windows-x86_64

Version: 0.62.5
Check: CRAN incoming feasibility
Result: NOTE Maintainer: ‘John Maindonald <john@statsresearch.co.nz>’ No Authors@R field in DESCRIPTION. Please add one, modifying Authors@R: person(given = "John", family = "Maindonald", role = c("aut", "cre"), email = "john@statsresearch.co.nz") as necessary. Flavor: r-devel-linux-x86_64-debian-gcc