Last updated on 2025-04-28 18:50:09 CEST.
Flavor | Version | Tinstall | Tcheck | Ttotal | Status | Flags |
---|---|---|---|---|---|---|
r-devel-linux-x86_64-debian-clang | 3.5.1 | 11.48 | 93.85 | 105.33 | NOTE | |
r-devel-linux-x86_64-debian-gcc | 3.5.1 | 8.67 | 63.21 | 71.88 | NOTE | |
r-devel-linux-x86_64-fedora-clang | 3.5.1 | 176.36 | OK | |||
r-devel-linux-x86_64-fedora-gcc | 3.5.1 | 155.49 | OK | |||
r-devel-windows-x86_64 | 3.5.1 | 14.00 | 99.00 | 113.00 | NOTE | |
r-patched-linux-x86_64 | 3.5.1 | 13.42 | 92.16 | 105.58 | NOTE | |
r-release-linux-x86_64 | 3.5.1 | 13.78 | 90.34 | 104.12 | NOTE | |
r-release-macos-arm64 | 3.5.1 | 44.00 | OK | |||
r-release-macos-x86_64 | 3.5.1 | 95.00 | OK | |||
r-release-windows-x86_64 | 3.5.1 | 14.00 | 100.00 | 114.00 | NOTE | |
r-oldrel-macos-arm64 | 3.5.1 | 43.00 | NOTE | |||
r-oldrel-macos-x86_64 | 3.5.1 | 63.00 | NOTE | |||
r-oldrel-windows-x86_64 | 3.5.1 | 19.00 | 118.00 | 137.00 | NOTE |
Version: 3.5.1
Check: Rd cross-references
Result: NOTE
Found the following Rd file(s) with Rd \link{} targets missing package
anchors:
KIBNB.Rd: gamlss.family
KIDEL.Rd: gamlss.family
KIDPO.Rd: gamlss.family
KIGEOM.Rd: gamlss.family
KIGEOMo.Rd: gamlss.family
KIGPO.Rd: gamlss.family
KILG.Rd: gamlss.family
KINBF.Rd: gamlss.family
KINBI.Rd: gamlss.family
KINBII.Rd: gamlss.family
KIPIG.Rd: gamlss.family
KIPO.Rd: gamlss.family
KISI.Rd: gamlss.family
KISICHEL.Rd: gamlss.family
KIWARING.Rd: gamlss.family
KIYULE.Rd: gamlss.family
Please provide package anchors for all Rd \link{} targets not in the
package itself and the base packages.
Flavors: r-devel-linux-x86_64-debian-clang, r-devel-linux-x86_64-debian-gcc, r-devel-windows-x86_64, r-patched-linux-x86_64, r-release-linux-x86_64, r-release-windows-x86_64
Version: 3.5.1
Check: CRAN incoming feasibility
Result: NOTE
Maintainer: ‘Saeed Mohammadpour <s.mohammadpour1111@gmail.com>’
No Authors@R field in DESCRIPTION.
Please add one, modifying
Authors@R: c(person(given = "Saeed",
family = "Mohammadpour",
role = c("aut", "cre"),
email = "\\email{s.mohammadpour1111@gamlil.com}"),
person(given = "Mikis",
family = "Stasinopoulos",
role = "aut",
email = "\\email{d.stasinopoulos@londonmet.ac.uk}"))
as necessary.
Flavor: r-devel-linux-x86_64-debian-gcc
Version: 3.5.1
Check: LazyData
Result: NOTE
'LazyData' is specified without a 'data' directory
Flavors: r-oldrel-macos-arm64, r-oldrel-macos-x86_64, r-oldrel-windows-x86_64