Last updated on 2025-04-28 18:50:09 CEST.
Flavor | Version | Tinstall | Tcheck | Ttotal | Status | Flags |
---|---|---|---|---|---|---|
r-devel-linux-x86_64-debian-clang | 0.4.3 | 7.96 | 81.22 | 89.18 | OK | |
r-devel-linux-x86_64-debian-gcc | 0.4.3 | 5.81 | 57.58 | 63.39 | NOTE | |
r-devel-linux-x86_64-fedora-clang | 0.4.3 | 154.82 | OK | |||
r-devel-linux-x86_64-fedora-gcc | 0.4.3 | 149.51 | OK | |||
r-devel-windows-x86_64 | 0.4.3 | 10.00 | 97.00 | 107.00 | OK | |
r-patched-linux-x86_64 | 0.4.3 | 8.35 | 77.48 | 85.83 | OK | |
r-release-linux-x86_64 | 0.4.3 | 8.31 | 76.25 | 84.56 | OK | |
r-release-macos-arm64 | 0.4.3 | 68.00 | OK | |||
r-release-macos-x86_64 | 0.4.3 | 117.00 | OK | |||
r-release-windows-x86_64 | 0.4.3 | 10.00 | 97.00 | 107.00 | OK | |
r-oldrel-macos-arm64 | 0.4.3 | 56.00 | OK | |||
r-oldrel-macos-x86_64 | 0.4.3 | 96.00 | OK | |||
r-oldrel-windows-x86_64 | 0.4.3 | 12.00 | 122.00 | 134.00 | OK |
Version: 0.4.3
Check: DESCRIPTION meta-information
Result: NOTE
Author field differs from that derived from Authors@R
Author: ‘Danny Tholen [aut, cre] (<https://orcid.org/0000-0002-9517-0939>, University of Natural Resources and Life Sciences, Vienna)’
Authors@R: ‘Danny Tholen [aut, cre] (ORCID: <https://orcid.org/0000-0002-9517-0939>, affiliation: University of Natural Resources and Life Sciences, Vienna)’
Flavor: r-devel-linux-x86_64-debian-gcc