CRAN Package Check Results for Package genomicper

Last updated on 2025-04-28 18:50:09 CEST.

Flavor Version Tinstall Tcheck Ttotal Status Flags
r-devel-linux-x86_64-debian-clang 1.7 17.37 154.04 171.41 OK
r-devel-linux-x86_64-debian-gcc 1.7 11.46 110.47 121.93 OK
r-devel-linux-x86_64-fedora-clang 1.7 287.86 OK
r-devel-linux-x86_64-fedora-gcc 1.7 256.70 OK
r-devel-windows-x86_64 1.7 15.00 143.00 158.00 OK
r-patched-linux-x86_64 1.7 15.07 144.02 159.09 OK
r-release-linux-x86_64 1.7 17.91 149.75 167.66 OK
r-release-macos-arm64 1.7 17.00 ERROR
r-release-macos-x86_64 1.7 167.00 OK
r-release-windows-x86_64 1.7 17.00 144.00 161.00 OK
r-oldrel-macos-arm64 1.7 16.00 ERROR
r-oldrel-macos-x86_64 1.7 136.00 OK
r-oldrel-windows-x86_64 1.7 21.00 193.00 214.00 OK

Check Details

Version: 1.7
Check: package dependencies
Result: ERROR Package required but not available: ‘reactome.db’ See section ‘The DESCRIPTION file’ in the ‘Writing R Extensions’ manual. Flavors: r-release-macos-arm64, r-oldrel-macos-arm64