Last updated on 2025-04-28 18:50:09 CEST.
Flavor | Version | Tinstall | Tcheck | Ttotal | Status | Flags |
---|---|---|---|---|---|---|
r-devel-linux-x86_64-debian-clang | 0.1.8 | 10.91 | 156.00 | 166.91 | OK | |
r-devel-linux-x86_64-debian-gcc | 0.1.8 | 9.68 | 116.98 | 126.66 | NOTE | |
r-devel-linux-x86_64-fedora-clang | 0.1.8 | 250.59 | OK | |||
r-devel-linux-x86_64-fedora-gcc | 0.1.8 | 264.23 | OK | |||
r-devel-windows-x86_64 | 0.1.8 | 14.00 | 242.00 | 256.00 | OK | |
r-patched-linux-x86_64 | 0.1.8 | 12.84 | 153.55 | 166.39 | OK | |
r-release-linux-x86_64 | 0.1.8 | 13.39 | 153.26 | 166.65 | OK | |
r-release-macos-arm64 | 0.1.8 | 77.00 | OK | |||
r-release-macos-x86_64 | 0.1.8 | 153.00 | OK | |||
r-release-windows-x86_64 | 0.1.8 | 14.00 | 242.00 | 256.00 | OK | |
r-oldrel-macos-arm64 | 0.1.8 | 70.00 | OK | |||
r-oldrel-macos-x86_64 | 0.1.8 | 118.00 | OK | |||
r-oldrel-windows-x86_64 | 0.1.8 | 19.00 | 256.00 | 275.00 | OK |
Version: 0.1.8
Check: DESCRIPTION meta-information
Result: NOTE
Author field differs from that derived from Authors@R
Author: ‘J. Aravind [aut, cre] (<https://orcid.org/0000-0002-4791-442X>), S. Vimala Devi [aut], J. Radhamani [aut], Sherry Rachel Jacob [aut], Kalyani Srinivasan [aut], ICAR-NBGPR [cph] (www.nbpgr.ernet.in)’
Authors@R: ‘J. Aravind [aut, cre] (ORCID: <https://orcid.org/0000-0002-4791-442X>), S. Vimala Devi [aut], J. Radhamani [aut], Sherry Rachel Jacob [aut], Kalyani Srinivasan [aut], ICAR-NBGPR [cph] (url: www.nbpgr.ernet.in)’
Flavor: r-devel-linux-x86_64-debian-gcc