Last updated on 2025-04-28 18:50:09 CEST.
Flavor | Version | Tinstall | Tcheck | Ttotal | Status | Flags |
---|---|---|---|---|---|---|
r-devel-linux-x86_64-debian-clang | 0.2.2 | 8.33 | 150.37 | 158.70 | OK | |
r-devel-linux-x86_64-debian-gcc | 0.2.2 | 4.99 | 106.36 | 111.35 | NOTE | |
r-devel-linux-x86_64-fedora-clang | 0.2.2 | 240.35 | OK | |||
r-devel-linux-x86_64-fedora-gcc | 0.2.2 | 245.87 | OK | |||
r-devel-windows-x86_64 | 0.2.2 | 6.00 | 152.00 | 158.00 | OK | |
r-patched-linux-x86_64 | 0.2.2 | 7.75 | 146.26 | 154.01 | OK | |
r-release-linux-x86_64 | 0.2.2 | 6.97 | 147.73 | 154.70 | OK | |
r-release-macos-arm64 | 0.2.2 | 117.00 | OK | |||
r-release-macos-x86_64 | 0.2.2 | 160.00 | OK | |||
r-release-windows-x86_64 | 0.2.2 | 6.00 | 156.00 | 162.00 | OK | |
r-oldrel-macos-arm64 | 0.2.2 | 71.00 | OK | |||
r-oldrel-macos-x86_64 | 0.2.2 | 117.00 | OK | |||
r-oldrel-windows-x86_64 | 0.2.2 | 7.00 | 199.00 | 206.00 | OK |
Version: 0.2.2
Check: CRAN incoming feasibility
Result: NOTE
Maintainer: ‘Lerato E Magosi <magosil86@gmail.com>’
Package CITATION file contains call(s) to old-style personList() or
as.personList(). Please use c() on person objects instead.
Package CITATION file contains call(s) to old-style citEntry(). Please
use bibentry() instead.
Flavor: r-devel-linux-x86_64-debian-gcc
Version: 0.2.2
Check: examples
Result: NOTE
Examples with CPU (user + system) or elapsed time > 5s
user system elapsed
getmstatistic 3.93 0.249 5.462
Flavor: r-devel-linux-x86_64-debian-gcc