Last updated on 2025-04-28 18:50:09 CEST.
Flavor | Version | Tinstall | Tcheck | Ttotal | Status | Flags |
---|---|---|---|---|---|---|
r-devel-linux-x86_64-debian-clang | 0.38 | 11.63 | 99.73 | 111.36 | OK | |
r-devel-linux-x86_64-debian-gcc | 0.38 | 8.60 | 70.46 | 79.06 | NOTE | |
r-devel-linux-x86_64-fedora-clang | 0.38 | 179.51 | OK | |||
r-devel-linux-x86_64-fedora-gcc | 0.38 | 188.51 | OK | |||
r-devel-windows-x86_64 | 0.38 | 14.00 | 144.00 | 158.00 | OK | |
r-patched-linux-x86_64 | 0.38 | 13.09 | 96.50 | 109.59 | OK | |
r-release-linux-x86_64 | 0.38 | 10.70 | 97.30 | 108.00 | OK | |
r-release-macos-arm64 | 0.38 | 84.00 | OK | |||
r-release-macos-x86_64 | 0.38 | 117.00 | OK | |||
r-release-windows-x86_64 | 0.38 | 14.00 | 146.00 | 160.00 | OK | |
r-oldrel-macos-arm64 | 0.38 | 58.00 | OK | |||
r-oldrel-macos-x86_64 | 0.38 | 158.00 | OK | |||
r-oldrel-windows-x86_64 | 0.38 | 19.00 | 165.00 | 184.00 | OK |
Version: 0.38
Check: CRAN incoming feasibility
Result: NOTE
Maintainer: ‘Genaro Sucarrat <genaro.sucarrat@bi.no>’
No Authors@R field in DESCRIPTION.
Please add one, modifying
Authors@R: c(person(given = "Genaro",
family = "Sucarrat",
role = c("aut", "cre"),
email = "genaro.sucarrat@bi.no"),
person(given = "Felix",
family = "Pretis",
role = "aut"),
person(given = "James",
family = "Reade",
role = "aut"),
person(given = "Jonas",
family = "Kurle",
role = "ctb"),
person(given = "Moritz",
family = "Schwarz",
role = "ctb"))
as necessary.
Flavor: r-devel-linux-x86_64-debian-gcc