Last updated on 2025-04-28 18:50:09 CEST.
Flavor | Version | Tinstall | Tcheck | Ttotal | Status | Flags |
---|---|---|---|---|---|---|
r-devel-linux-x86_64-debian-clang | 1.0-21 | 4.25 | 41.18 | 45.43 | OK | |
r-devel-linux-x86_64-debian-gcc | 1.0-21 | 3.30 | 32.22 | 35.52 | NOTE | |
r-devel-linux-x86_64-fedora-clang | 1.0-21 | 73.88 | OK | |||
r-devel-linux-x86_64-fedora-gcc | 1.0-21 | 85.62 | OK | |||
r-devel-windows-x86_64 | 1.0-21 | 6.00 | 58.00 | 64.00 | OK | |
r-patched-linux-x86_64 | 1.0-21 | 5.00 | 40.19 | 45.19 | OK | |
r-release-linux-x86_64 | 1.0-21 | 4.44 | 40.42 | 44.86 | OK | |
r-release-macos-arm64 | 1.0-21 | 44.00 | OK | |||
r-release-macos-x86_64 | 1.0-21 | 56.00 | OK | |||
r-release-windows-x86_64 | 1.0-21 | 5.00 | 60.00 | 65.00 | OK | |
r-oldrel-macos-arm64 | 1.0-21 | 37.00 | OK | |||
r-oldrel-macos-x86_64 | 1.0-21 | 49.00 | OK | |||
r-oldrel-windows-x86_64 | 1.0-21 | 7.00 | 67.00 | 74.00 | OK |
Version: 1.0-21
Check: CRAN incoming feasibility
Result: NOTE
Maintainer: ‘Ivan Bezerra Allaman <ivanalaman@gmail.com>’
No Authors@R field in DESCRIPTION.
Please add one, modifying
Authors@R: c(person(given = c("Ivan", "Bezerra"),
family = "Allaman",
role = c("aut", "cre"),
email = "ivanalaman@gmail.com"),
person(given = c("Jose", "Claudio"),
family = "Faria",
role = "aut",
email = "joseclaudio.faria@gmail.com"))
as necessary.
Flavor: r-devel-linux-x86_64-debian-gcc