CRAN Package Check Results for Package ggThemeAssist

Last updated on 2025-07-04 07:49:29 CEST.

Flavor Version Tinstall Tcheck Ttotal Status Flags
r-devel-linux-x86_64-debian-clang 0.1.5 6.69 50.55 57.24 NOTE
r-devel-linux-x86_64-debian-gcc 0.1.5 4.68 35.88 40.56 NOTE
r-devel-linux-x86_64-fedora-clang 0.1.5 88.63 OK
r-devel-linux-x86_64-fedora-gcc 0.1.5 80.40 OK
r-devel-windows-x86_64 0.1.5 8.00 61.00 69.00 OK
r-patched-linux-x86_64 0.1.5 6.38 46.61 52.99 OK
r-release-linux-x86_64 0.1.5 6.03 46.21 52.24 OK
r-release-macos-arm64 0.1.5 45.00 OK
r-release-macos-x86_64 0.1.5 58.00 OK
r-release-windows-x86_64 0.1.5 9.00 61.00 70.00 OK
r-oldrel-macos-arm64 0.1.5 30.00 NOTE
r-oldrel-macos-x86_64 0.1.5 47.00 NOTE
r-oldrel-windows-x86_64 0.1.5 11.00 76.00 87.00 NOTE

Check Details

Version: 0.1.5
Check: CRAN incoming feasibility
Result: NOTE Maintainer: ‘Calli Gross <ggthemeassist@icloud.com>’ No Authors@R field in DESCRIPTION. Please add one, modifying Authors@R: c(person(given = "Calli", family = "Gross", role = c("aut", "cre"), email = "ggthemeassist@icloud.com"), person(given = "Philipp", family = "Ottolinger", role = c("aut", "ctb"))) as necessary. Flavors: r-devel-linux-x86_64-debian-clang, r-devel-linux-x86_64-debian-gcc

Version: 0.1.5
Check: LazyData
Result: NOTE 'LazyData' is specified without a 'data' directory Flavors: r-oldrel-macos-arm64, r-oldrel-macos-x86_64, r-oldrel-windows-x86_64