Last updated on 2025-04-29 06:49:43 CEST.
Flavor | Version | Tinstall | Tcheck | Ttotal | Status | Flags |
---|---|---|---|---|---|---|
r-devel-linux-x86_64-debian-clang | 0.5.5 | 14.67 | 175.74 | 190.41 | NOTE | |
r-devel-linux-x86_64-debian-gcc | 0.5.5 | 10.73 | 126.80 | 137.53 | NOTE | |
r-devel-linux-x86_64-fedora-clang | 0.5.5 | 318.20 | OK | |||
r-devel-linux-x86_64-fedora-gcc | 0.5.5 | 302.02 | OK | |||
r-devel-windows-x86_64 | 0.5.5 | 18.00 | 183.00 | 201.00 | NOTE | |
r-patched-linux-x86_64 | 0.5.5 | 15.12 | 171.60 | 186.72 | NOTE | |
r-release-linux-x86_64 | 0.5.5 | 14.78 | 169.99 | 184.77 | NOTE | |
r-release-macos-arm64 | 0.5.5 | 93.00 | OK | |||
r-release-macos-x86_64 | 0.5.5 | 160.00 | OK | |||
r-release-windows-x86_64 | 0.5.5 | 18.00 | 171.00 | 189.00 | NOTE | |
r-oldrel-macos-arm64 | 0.5.5 | 91.00 | OK | |||
r-oldrel-macos-x86_64 | 0.5.5 | 128.00 | OK | |||
r-oldrel-windows-x86_64 | 0.5.5 | 23.00 | 228.00 | 251.00 | OK |
Version: 0.5.5
Check: Rd cross-references
Result: NOTE
Found the following Rd file(s) with Rd \link{} targets missing package
anchors:
glmmRefit.Rd: glmmTMB
Please provide package anchors for all Rd \link{} targets not in the
package itself and the base packages.
Flavors: r-devel-linux-x86_64-debian-clang, r-devel-linux-x86_64-debian-gcc, r-devel-windows-x86_64, r-patched-linux-x86_64, r-release-linux-x86_64, r-release-windows-x86_64