Last updated on 2025-04-28 18:50:10 CEST.
Flavor | Version | Tinstall | Tcheck | Ttotal | Status | Flags |
---|---|---|---|---|---|---|
r-devel-linux-x86_64-debian-clang | 1.0.0 | 427.41 | 143.31 | 570.72 | OK | |
r-devel-linux-x86_64-debian-gcc | 1.0.0 | 362.85 | 126.55 | 489.40 | OK | |
r-devel-linux-x86_64-fedora-clang | 1.0.0 | 814.55 | OK | |||
r-devel-linux-x86_64-fedora-gcc | 1.0.0 | 1129.18 | OK | |||
r-devel-windows-x86_64 | 1.0.0 | 374.00 | 205.00 | 579.00 | OK | |
r-patched-linux-x86_64 | 1.0.0 | 458.02 | 165.63 | 623.65 | OK | |
r-release-linux-x86_64 | 1.0.0 | 466.97 | 169.50 | 636.47 | OK | |
r-release-macos-arm64 | 1.0.0 | 230.00 | OK | |||
r-release-macos-x86_64 | 1.0.0 | 389.00 | OK | |||
r-release-windows-x86_64 | 1.0.0 | 364.00 | 206.00 | 570.00 | OK | |
r-oldrel-macos-arm64 | 1.0.0 | 237.00 | NOTE | |||
r-oldrel-macos-x86_64 | 1.0.0 | 372.00 | NOTE | |||
r-oldrel-windows-x86_64 | 1.0.0 | 440.00 | 262.00 | 702.00 | NOTE |
Version: 1.0.0
Check: installed package size
Result: NOTE
installed size is 157.2Mb
sub-directories of 1Mb or more:
libs 155.8Mb
Flavors: r-oldrel-macos-arm64, r-oldrel-macos-x86_64, r-oldrel-windows-x86_64
Version: 1.0.0
Check: for GNU extensions in Makefiles
Result: NOTE
GNU make is a SystemRequirements.
Flavors: r-oldrel-macos-arm64, r-oldrel-macos-x86_64, r-oldrel-windows-x86_64