Last updated on 2025-04-29 18:50:43 CEST.
Flavor | Version | Tinstall | Tcheck | Ttotal | Status | Flags |
---|---|---|---|---|---|---|
r-devel-linux-x86_64-debian-clang | 0.1.12 | 23.13 | 218.25 | 241.38 | NOTE | |
r-devel-linux-x86_64-debian-gcc | 0.1.12 | 14.39 | 133.51 | 147.90 | OK | |
r-devel-linux-x86_64-fedora-clang | 0.1.12 | 390.19 | OK | |||
r-devel-linux-x86_64-fedora-gcc | 0.1.12 | 367.50 | OK | |||
r-devel-windows-x86_64 | 0.1.12 | 23.00 | 244.00 | 267.00 | OK | |
r-patched-linux-x86_64 | 0.1.12 | 22.60 | 209.27 | 231.87 | OK | |
r-release-linux-x86_64 | 0.1.12 | 23.97 | 204.29 | 228.26 | OK | |
r-release-macos-arm64 | 0.1.12 | 89.00 | OK | |||
r-release-macos-x86_64 | 0.1.12 | 186.00 | OK | |||
r-release-windows-x86_64 | 0.1.12 | 27.00 | 238.00 | 265.00 | OK | |
r-oldrel-macos-arm64 | 0.1.12 | 91.00 | OK | |||
r-oldrel-macos-x86_64 | 0.1.12 | 236.00 | OK | |||
r-oldrel-windows-x86_64 | 0.1.12 | 33.00 | 301.00 | 334.00 | OK |
Version: 0.1.12
Check: examples
Result: NOTE
Examples with CPU (user + system) or elapsed time > 5s
user system elapsed
localInfluence.gnm 5.982 0.004 7.211
cooks.distance.glmgee 5.832 0.000 7.391
cooks.distance.overglm 4.969 0.008 6.078
wglmgee 4.530 0.007 5.468
zero.excess 4.256 0.015 5.345
Flavor: r-devel-linux-x86_64-debian-clang