Last updated on 2025-04-28 18:50:10 CEST.
Flavor | Version | Tinstall | Tcheck | Ttotal | Status | Flags |
---|---|---|---|---|---|---|
r-devel-linux-x86_64-debian-clang | 1.0.5 | 7.03 | 76.40 | 83.43 | OK | |
r-devel-linux-x86_64-debian-gcc | 1.0.5 | 5.02 | 60.14 | 65.16 | NOTE | |
r-devel-linux-x86_64-fedora-clang | 1.0.5 | 132.31 | OK | |||
r-devel-linux-x86_64-fedora-gcc | 1.0.5 | 169.94 | OK | |||
r-devel-windows-x86_64 | 1.0.5 | 10.00 | 112.00 | 122.00 | OK | |
r-patched-linux-x86_64 | 1.0.5 | 7.37 | 73.87 | 81.24 | OK | |
r-release-linux-x86_64 | 1.0.5 | 7.07 | 73.47 | 80.54 | OK | |
r-release-macos-arm64 | 1.0.5 | 89.00 | OK | |||
r-release-macos-x86_64 | 1.0.5 | 135.00 | OK | |||
r-release-windows-x86_64 | 1.0.5 | 10.00 | 111.00 | 121.00 | OK | |
r-oldrel-macos-arm64 | 1.0.5 | 69.00 | OK | |||
r-oldrel-macos-x86_64 | 1.0.5 | 121.00 | OK | |||
r-oldrel-windows-x86_64 | 1.0.5 | 12.00 | 130.00 | 142.00 | OK |
Version: 1.0.5
Check: DESCRIPTION meta-information
Result: NOTE
Author field differs from that derived from Authors@R
Author: ‘Mark Padgham [aut, cre] (<https://orcid.org/0000-0003-2172-5265>), Ascent Digital Services UK Limited [cph] (MangoTheCat), Karina Marks [aut] (KarinaMarks), Daniel de Bortoli [aut] (ddbortoli), Gabor Csardi [aut], Hannah Frick [aut], Owen Jones [aut] (owenjonesuob), Hannah Alexander [aut], Ana Simmons [ctb] (anasimmons), Fabian Scheipl [ctb] (fabian-s)’
Authors@R: ‘Mark Padgham [aut, cre] (ORCID: <https://orcid.org/0000-0003-2172-5265>), Ascent Digital Services UK Limited [cph] (GitHub: MangoTheCat), Karina Marks [aut] (GitHub: KarinaMarks), Daniel de Bortoli [aut] (GitHub: ddbortoli), Gabor Csardi [aut], Hannah Frick [aut], Owen Jones [aut] (GitHub: owenjonesuob), Hannah Alexander [aut], Ana Simmons [ctb] (GitHub: anasimmons), Fabian Scheipl [ctb] (GitHub: fabian-s)’
Flavor: r-devel-linux-x86_64-debian-gcc