Last updated on 2025-04-28 18:50:10 CEST.
Flavor | Version | Tinstall | Tcheck | Ttotal | Status | Flags |
---|---|---|---|---|---|---|
r-devel-linux-x86_64-debian-clang | 1.2 | 10.75 | 60.23 | 70.98 | OK | |
r-devel-linux-x86_64-debian-gcc | 1.2 | 7.63 | 44.85 | 52.48 | NOTE | |
r-devel-linux-x86_64-fedora-clang | 1.2 | 111.74 | OK | |||
r-devel-linux-x86_64-fedora-gcc | 1.2 | 112.64 | OK | |||
r-devel-windows-x86_64 | 1.2 | 14.00 | 78.00 | 92.00 | OK | |
r-patched-linux-x86_64 | 1.2 | 11.03 | 58.41 | 69.44 | OK | |
r-release-linux-x86_64 | 1.2 | 9.75 | 57.26 | 67.01 | OK | |
r-release-macos-arm64 | 1.2 | 41.00 | OK | |||
r-release-macos-x86_64 | 1.2 | 100.00 | OK | |||
r-release-windows-x86_64 | 1.2 | 14.00 | 76.00 | 90.00 | OK | |
r-oldrel-macos-arm64 | 1.2 | 35.00 | OK | |||
r-oldrel-macos-x86_64 | 1.2 | 88.00 | OK | |||
r-oldrel-windows-x86_64 | 1.2 | 18.00 | 88.00 | 106.00 | OK |
Version: 1.2
Check: CRAN incoming feasibility
Result: NOTE
Maintainer: ‘Zheyuan Li <zheyuan.li@bath.edu>’
The Description field contains
difference penalty, proposed by Li and Cao (2022) <arXiv:2201.06808>.
Please refer to arXiv e-prints via their arXiv DOI <doi:10.48550/arXiv.YYMM.NNNNN>.
Flavor: r-devel-linux-x86_64-debian-gcc