Last updated on 2025-04-28 18:50:10 CEST.
Flavor | Version | Tinstall | Tcheck | Ttotal | Status | Flags |
---|---|---|---|---|---|---|
r-devel-linux-x86_64-debian-clang | 1.0.3 | 9.44 | 79.25 | 88.69 | OK | |
r-devel-linux-x86_64-debian-gcc | 1.0.3 | 6.21 | 56.64 | 62.85 | NOTE | |
r-devel-linux-x86_64-fedora-clang | 1.0.3 | 139.62 | OK | |||
r-devel-linux-x86_64-fedora-gcc | 1.0.3 | 150.69 | OK | |||
r-devel-windows-x86_64 | 1.0.3 | 10.00 | 91.00 | 101.00 | OK | |
r-patched-linux-x86_64 | 1.0.3 | 9.53 | 75.72 | 85.25 | OK | |
r-release-linux-x86_64 | 1.0.3 | 9.20 | 75.83 | 85.03 | OK | |
r-release-macos-arm64 | 1.0.3 | 57.00 | OK | |||
r-release-macos-x86_64 | 1.0.3 | 105.00 | OK | |||
r-release-windows-x86_64 | 1.0.3 | 11.00 | 90.00 | 101.00 | OK | |
r-oldrel-macos-arm64 | 1.0.3 | 44.00 | OK | |||
r-oldrel-macos-x86_64 | 1.0.3 | 67.00 | OK | |||
r-oldrel-windows-x86_64 | 1.0.3 | 12.00 | 106.00 | 118.00 | OK |
Version: 1.0.3
Check: CRAN incoming feasibility
Result: NOTE
Maintainer: ‘S. Thomas Kelly <tomkellygenetics@gmail.com>’
Problems when reading CITATION file:
no package 'graphsim' was found
Package CITATION file contains call(s) to old-style personList() or
as.personList(). Please use c() on person objects instead.
Package CITATION file contains call(s) to old-style citEntry(). Please
use bibentry() instead.
Flavor: r-devel-linux-x86_64-debian-gcc