CRAN Package Check Results for Package groupWQS

Last updated on 2025-04-28 18:50:10 CEST.

Flavor Version Tinstall Tcheck Ttotal Status Flags
r-devel-linux-x86_64-debian-clang 0.0.3 2.35 83.64 85.99 OK
r-devel-linux-x86_64-debian-gcc 0.0.3 1.95 52.91 54.86 NOTE
r-devel-linux-x86_64-fedora-clang 0.0.3 143.85 NOTE
r-devel-linux-x86_64-fedora-gcc 0.0.3 157.91 NOTE
r-devel-windows-x86_64 0.0.3 4.00 105.00 109.00 OK
r-patched-linux-x86_64 0.0.3 2.16 78.90 81.06 OK
r-release-linux-x86_64 0.0.3 1.65 79.18 80.83 OK
r-release-macos-arm64 0.0.3 57.00 OK
r-release-macos-x86_64 0.0.3 104.00 OK
r-release-windows-x86_64 0.0.3 3.00 107.00 110.00 OK
r-oldrel-macos-arm64 0.0.3 42.00 OK
r-oldrel-macos-x86_64 0.0.3 75.00 OK
r-oldrel-windows-x86_64 0.0.3 3.00 129.00 132.00 OK

Check Details

Version: 0.0.3
Check: CRAN incoming feasibility
Result: NOTE Maintainer: ‘Matthew Carli <carlimm@mymail.vcu.edu>’ No Authors@R field in DESCRIPTION. Please add one, modifying Authors@R: c(person(given = "David", family = "Wheeler", role = "aut"), person(given = "Matthew", family = "Carli", role = c("aut", "cre"), email = "carlimm@mymail.vcu.edu")) as necessary. Flavor: r-devel-linux-x86_64-debian-gcc

Version: 0.0.3
Check: dependencies in R code
Result: NOTE Namespaces in Imports field not imported from: ‘MASS’ ‘rjags’ All declared Imports should be used. Flavors: r-devel-linux-x86_64-fedora-clang, r-devel-linux-x86_64-fedora-gcc