Last updated on 2025-04-29 18:50:44 CEST.
Flavor | Version | Tinstall | Tcheck | Ttotal | Status | Flags |
---|---|---|---|---|---|---|
r-devel-linux-x86_64-debian-clang | 0.16 | 186.25 | 117.87 | 304.12 | NOTE | |
r-devel-linux-x86_64-debian-gcc | 0.16 | 146.15 | 77.57 | 223.72 | NOTE | |
r-devel-linux-x86_64-fedora-clang | 0.16 | 530.58 | OK | |||
r-devel-linux-x86_64-fedora-gcc | 0.16 | 563.49 | OK | |||
r-devel-windows-x86_64 | 0.16 | 213.00 | 147.00 | 360.00 | OK | |
r-patched-linux-x86_64 | 0.16 | 207.37 | 110.69 | 318.06 | OK | |
r-release-linux-x86_64 | 0.16 | 205.87 | 111.19 | 317.06 | OK | |
r-release-macos-arm64 | 0.16 | 127.00 | OK | |||
r-release-macos-x86_64 | 0.16 | 182.00 | OK | |||
r-release-windows-x86_64 | 0.16 | 218.00 | 152.00 | 370.00 | OK | |
r-oldrel-macos-arm64 | 0.16 | 118.00 | NOTE | |||
r-oldrel-macos-x86_64 | 0.16 | 145.00 | NOTE | |||
r-oldrel-windows-x86_64 | 0.16 | 239.00 | 191.00 | 430.00 | OK |
Version: 0.16
Check: CRAN incoming feasibility
Result: NOTE
Maintainer: ‘Terrance Savitsky <tds151@gmail.com>’
No Authors@R field in DESCRIPTION.
Please add one, modifying
Authors@R: person(given = "Terrance",
family = "Savitsky",
role = c("aut", "cre"),
email = "tds151@gmail.com")
as necessary.
Flavors: r-devel-linux-x86_64-debian-clang, r-devel-linux-x86_64-debian-gcc
Version: 0.16
Check: examples
Result: NOTE
Examples with CPU (user + system) or elapsed time > 5s
user system elapsed
MSPE 6.139 0.303 8.651
fit_compare 5.890 0.091 6.835
growfunctions-package 4.964 0.008 5.442
cluster_plot 4.591 0.131 5.510
Flavor: r-devel-linux-x86_64-debian-clang
Version: 0.16
Check: installed package size
Result: NOTE
installed size is 13.3Mb
sub-directories of 1Mb or more:
libs 12.8Mb
Flavors: r-oldrel-macos-arm64, r-oldrel-macos-x86_64