Last updated on 2025-04-28 18:50:10 CEST.
Flavor | Version | Tinstall | Tcheck | Ttotal | Status | Flags |
---|---|---|---|---|---|---|
r-devel-linux-x86_64-debian-clang | 0.0.5 | 10.32 | 78.85 | 89.17 | OK | |
r-devel-linux-x86_64-debian-gcc | 0.0.5 | 6.95 | 57.92 | 64.87 | NOTE | |
r-devel-linux-x86_64-fedora-clang | 0.0.5 | 140.74 | OK | |||
r-devel-linux-x86_64-fedora-gcc | 0.0.5 | 132.81 | OK | |||
r-devel-windows-x86_64 | 0.0.5 | 12.00 | 90.00 | 102.00 | OK | |
r-patched-linux-x86_64 | 0.0.5 | 7.34 | 79.01 | 86.35 | OK | |
r-release-linux-x86_64 | 0.0.5 | 9.95 | 80.77 | 90.72 | OK | |
r-release-macos-arm64 | 0.0.5 | 41.00 | OK | |||
r-release-macos-x86_64 | 0.0.5 | 90.00 | OK | |||
r-release-windows-x86_64 | 0.0.5 | 14.00 | 90.00 | 104.00 | OK | |
r-oldrel-macos-arm64 | 0.0.5 | 40.00 | OK | |||
r-oldrel-macos-x86_64 | 0.0.5 | 83.00 | OK | |||
r-oldrel-windows-x86_64 | 0.0.5 | 16.00 | 114.00 | 130.00 | OK |
Version: 0.0.5
Check: examples
Result: NOTE
Examples with CPU (user + system) or elapsed time > 5s
user system elapsed
gscaLCA 4.017 0.195 5.272
Flavor: r-devel-linux-x86_64-debian-gcc