CRAN Package Check Results for Package gsynth

Last updated on 2025-07-03 19:50:30 CEST.

Flavor Version Tinstall Tcheck Ttotal Status Flags
r-devel-linux-x86_64-debian-clang 1.2.1 46.05 107.98 154.03 NOTE
r-devel-linux-x86_64-debian-gcc 1.2.1 34.04 75.75 109.79 NOTE
r-devel-linux-x86_64-fedora-clang 1.2.1 264.64 NOTE
r-devel-linux-x86_64-fedora-gcc 1.2.1 257.33 NOTE
r-devel-windows-x86_64 1.2.1 47.00 126.00 173.00 NOTE
r-patched-linux-x86_64 1.2.1 44.21 99.93 144.14 NOTE
r-release-linux-x86_64 1.2.1 43.86 98.52 142.38 NOTE
r-release-macos-arm64 1.2.1 61.00 NOTE
r-release-macos-x86_64 1.2.1 131.00 NOTE
r-release-windows-x86_64 1.2.1 47.00 130.00 177.00 NOTE
r-oldrel-macos-arm64 1.2.1 61.00 NOTE
r-oldrel-macos-x86_64 1.2.1 88.00 NOTE
r-oldrel-windows-x86_64 1.2.1 61.00 156.00 217.00 NOTE

Check Details

Version: 1.2.1
Check: CRAN incoming feasibility
Result: NOTE Maintainer: ‘Yiqing Xu <yiqingxu@stanford.edu>’ No Authors@R field in DESCRIPTION. Please add one, modifying Authors@R: c(person(given = "Yiqing", family = "Xu", role = c("aut", "cre"), email = "yiqingxu@stanford.edu"), person(given = "Licheng", family = "Liu", role = "aut")) as necessary. Flavors: r-devel-linux-x86_64-debian-clang, r-devel-linux-x86_64-debian-gcc

Version: 1.2.1
Check: C++ specification
Result: NOTE Specified C++11: please drop specification unless essential Flavors: r-devel-linux-x86_64-debian-clang, r-devel-linux-x86_64-debian-gcc, r-devel-linux-x86_64-fedora-clang, r-devel-linux-x86_64-fedora-gcc, r-devel-windows-x86_64, r-patched-linux-x86_64, r-release-linux-x86_64, r-release-macos-arm64, r-release-macos-x86_64, r-release-windows-x86_64, r-oldrel-macos-arm64, r-oldrel-macos-x86_64, r-oldrel-windows-x86_64