Last updated on 2025-07-05 18:49:11 CEST.
Flavor | Version | Tinstall | Tcheck | Ttotal | Status | Flags |
---|---|---|---|---|---|---|
r-devel-linux-x86_64-debian-clang | 0.2-2 | 4.20 | 46.13 | 50.33 | NOTE | |
r-devel-linux-x86_64-debian-gcc | 0.2-2 | 3.78 | 33.76 | 37.54 | NOTE | |
r-devel-linux-x86_64-fedora-clang | 0.2-2 | 77.10 | OK | |||
r-devel-linux-x86_64-fedora-gcc | 0.2-2 | 74.39 | OK | |||
r-devel-windows-x86_64 | 0.2-2 | 6.00 | 60.00 | 66.00 | OK | |
r-patched-linux-x86_64 | 0.2-2 | 5.64 | 44.15 | 49.79 | OK | |
r-release-linux-x86_64 | 0.2-2 | 4.61 | 44.23 | 48.84 | OK | |
r-release-macos-arm64 | 0.2-2 | 29.00 | OK | |||
r-release-macos-x86_64 | 0.2-2 | 45.00 | OK | |||
r-release-windows-x86_64 | 0.2-2 | 7.00 | 62.00 | 69.00 | OK | |
r-oldrel-macos-arm64 | 0.2-2 | 25.00 | OK | |||
r-oldrel-macos-x86_64 | 0.2-2 | 36.00 | OK | |||
r-oldrel-windows-x86_64 | 0.2-2 | 7.00 | 74.00 | 81.00 | OK |
Version: 0.2-2
Check: CRAN incoming feasibility
Result: NOTE
Maintainer: ‘David Wheeler <dcwheels@gmail.com>’
No Authors@R field in DESCRIPTION.
Please add one, modifying
Authors@R: person(given = "David",
family = "Wheeler",
role = c("aut", "cre"),
email = "dcwheels@gmail.com")
as necessary.
Flavors: r-devel-linux-x86_64-debian-clang, r-devel-linux-x86_64-debian-gcc