CRAN Package Check Results for Package hashids

Last updated on 2025-07-03 19:50:30 CEST.

Flavor Version Tinstall Tcheck Ttotal Status Flags
r-devel-linux-x86_64-debian-clang 0.9.0 1.93 19.90 21.83 OK
r-devel-linux-x86_64-debian-gcc 0.9.0 1.64 16.35 17.99 OK
r-devel-linux-x86_64-fedora-clang 0.9.0 32.58 OK
r-devel-linux-x86_64-fedora-gcc 0.9.0 31.47 OK
r-devel-windows-x86_64 0.9.0 3.00 42.00 45.00 OK
r-patched-linux-x86_64 0.9.0 1.99 18.42 20.41 OK
r-release-linux-x86_64 0.9.0 1.87 18.37 20.24 OK
r-release-macos-arm64 0.9.0 15.00 OK
r-release-macos-x86_64 0.9.0 24.00 OK
r-release-windows-x86_64 0.9.0 4.00 43.00 47.00 OK
r-oldrel-macos-arm64 0.9.0 14.00 NOTE
r-oldrel-macos-x86_64 0.9.0 20.00 NOTE
r-oldrel-windows-x86_64 0.9.0 3.00 44.00 47.00 NOTE

Check Details

Version: 0.9.0
Check: LazyData
Result: NOTE 'LazyData' is specified without a 'data' directory Flavors: r-oldrel-macos-arm64, r-oldrel-macos-x86_64, r-oldrel-windows-x86_64