Last updated on 2025-04-29 06:49:44 CEST.
Flavor | Version | Tinstall | Tcheck | Ttotal | Status | Flags |
---|---|---|---|---|---|---|
r-devel-linux-x86_64-debian-clang | 0.3.2 | 5.62 | 198.94 | 204.56 | OK | |
r-devel-linux-x86_64-debian-gcc | 0.3.2 | 4.33 | 132.83 | 137.16 | NOTE | |
r-devel-linux-x86_64-fedora-clang | 0.3.2 | 327.12 | OK | |||
r-devel-linux-x86_64-fedora-gcc | 0.3.2 | 349.31 | OK | |||
r-devel-windows-x86_64 | 0.3.2 | 8.00 | 223.00 | 231.00 | OK | |
r-patched-linux-x86_64 | 0.3.2 | 6.98 | 192.61 | 199.59 | OK | |
r-release-linux-x86_64 | 0.3.2 | 6.18 | 194.03 | 200.21 | OK | |
r-release-macos-arm64 | 0.3.2 | 115.00 | OK | |||
r-release-macos-x86_64 | 0.3.2 | 242.00 | OK | |||
r-release-windows-x86_64 | 0.3.2 | 9.00 | 225.00 | 234.00 | OK | |
r-oldrel-macos-arm64 | 0.3.2 | 111.00 | OK | |||
r-oldrel-macos-x86_64 | 0.3.2 | 184.00 | OK | |||
r-oldrel-windows-x86_64 | 0.3.2 | 10.00 | 289.00 | 299.00 | OK |
Version: 0.3.2
Check: CRAN incoming feasibility
Result: NOTE
Maintainer: ‘Martin Spindler <martin.spindler@gmx.de>’
The Description field contains
(2016) <arXiv:1603.01700>.
Please refer to arXiv e-prints via their arXiv DOI <doi:10.48550/arXiv.YYMM.NNNNN>.
Flavor: r-devel-linux-x86_64-debian-gcc