CRAN Package Check Results for Package hettx

Last updated on 2025-07-03 19:50:30 CEST.

Flavor Version Tinstall Tcheck Ttotal Status Flags
r-devel-linux-x86_64-debian-clang 0.1.3 13.77 266.95 280.72 NOTE
r-devel-linux-x86_64-debian-gcc 0.1.3 9.72 172.85 182.57 NOTE
r-devel-linux-x86_64-fedora-clang 0.1.3 416.47 OK
r-devel-linux-x86_64-fedora-gcc 0.1.3 421.00 OK
r-devel-windows-x86_64 0.1.3 15.00 237.00 252.00 OK
r-patched-linux-x86_64 0.1.3 13.79 257.68 271.47 OK
r-release-linux-x86_64 0.1.3 13.89 250.49 264.38 OK
r-release-macos-arm64 0.1.3 113.00 OK
r-release-macos-x86_64 0.1.3 275.00 OK
r-release-windows-x86_64 0.1.3 17.00 236.00 253.00 OK
r-oldrel-macos-arm64 0.1.3 104.00 OK
r-oldrel-macos-x86_64 0.1.3 227.00 OK
r-oldrel-windows-x86_64 0.1.3 19.00 328.00 347.00 OK

Check Details

Version: 0.1.3
Check: CRAN incoming feasibility
Result: NOTE Maintainer: ‘Ben Fifield <benfifield@gmail.com>’ The Description field contains <doi:10.1111/rssb.12124> <arXiv:1412.5000>, and Ding, Feller, and Miratrix (2018) <doi:10.1080/01621459.2017.1407322> <arXiv:1605.06566> Please refer to arXiv e-prints via their arXiv DOI <doi:10.48550/arXiv.YYMM.NNNNN>. Flavors: r-devel-linux-x86_64-debian-clang, r-devel-linux-x86_64-debian-gcc