Last updated on 2025-07-04 07:49:30 CEST.
Flavor | Version | Tinstall | Tcheck | Ttotal | Status | Flags |
---|---|---|---|---|---|---|
r-devel-linux-x86_64-debian-clang | 1.4.9 | 13.30 | 110.20 | 123.50 | NOTE | |
r-devel-linux-x86_64-debian-gcc | 1.4.9 | 8.35 | 77.41 | 85.76 | NOTE | |
r-devel-linux-x86_64-fedora-clang | 1.4.9 | 185.34 | OK | |||
r-devel-linux-x86_64-fedora-gcc | 1.4.9 | 164.87 | OK | |||
r-devel-windows-x86_64 | 1.4.9 | 12.00 | 125.00 | 137.00 | OK | |
r-patched-linux-x86_64 | 1.4.9 | 12.76 | 104.56 | 117.32 | OK | |
r-release-linux-x86_64 | 1.4.9 | 11.84 | 101.99 | 113.83 | OK | |
r-release-macos-arm64 | 1.4.9 | 54.00 | OK | |||
r-release-macos-x86_64 | 1.4.9 | 99.00 | OK | |||
r-release-windows-x86_64 | 1.4.9 | 14.00 | 116.00 | 130.00 | OK | |
r-oldrel-macos-arm64 | 1.4.9 | 52.00 | NOTE | |||
r-oldrel-macos-x86_64 | 1.4.9 | 79.00 | NOTE | |||
r-oldrel-windows-x86_64 | 1.4.9 | 18.00 | 148.00 | 166.00 | OK |
Version: 1.4.9
Check: CRAN incoming feasibility
Result: NOTE
Maintainer: ‘Rickmer Schulte <R.Schulte@campus.lmu.de>’
No Authors@R field in DESCRIPTION.
Please add one, modifying
Authors@R: c(person(given = "Heidi",
family = "Seibold",
role = "aut",
email = "Heidi.Seibold@uzh.ch"),
person(given = "Monia",
family = "Mahling",
role = "aut",
email = "monia.mahling@stat.uni-muenchen.de"),
person(given = "Sebastian",
family = "Linne",
role = "aut",
email = "Sebastian.Linne@campus.lmu.de"),
person(given = "Felix",
family = "Guenther",
role = "aut",
email = "felix.guenther@stat.uni-muenchen.de"),
person(given = "Rickmer",
family = "Schulte",
role = "cre",
email = "R.Schulte@campus.lmu.de"))
as necessary.
Flavors: r-devel-linux-x86_64-debian-clang, r-devel-linux-x86_64-debian-gcc
Version: 1.4.9
Check: package dependencies
Result: NOTE
Package suggested but not available for checking: ‘INLA’
Flavors: r-oldrel-macos-arm64, r-oldrel-macos-x86_64