Last updated on 2025-04-28 18:50:11 CEST.
Flavor | Version | Tinstall | Tcheck | Ttotal | Status | Flags |
---|---|---|---|---|---|---|
r-devel-linux-x86_64-debian-clang | 1.1.5 | 36.84 | 28.71 | 65.55 | OK | |
r-devel-linux-x86_64-debian-gcc | 1.1.5 | 28.05 | 22.34 | 50.39 | NOTE | |
r-devel-linux-x86_64-fedora-clang | 1.1.5 | 109.02 | OK | |||
r-devel-linux-x86_64-fedora-gcc | 1.1.5 | 122.22 | OK | |||
r-devel-windows-x86_64 | 1.1.5 | 41.00 | 67.00 | 108.00 | OK | |
r-patched-linux-x86_64 | 1.1.5 | 40.56 | 27.79 | 68.35 | OK | |
r-release-linux-x86_64 | 1.1.5 | 41.72 | 27.69 | 69.41 | OK | |
r-release-macos-arm64 | 1.1.5 | 31.00 | OK | |||
r-release-macos-x86_64 | 1.1.5 | 62.00 | OK | |||
r-release-windows-x86_64 | 1.1.5 | 40.00 | 72.00 | 112.00 | OK | |
r-oldrel-macos-arm64 | 1.1.5 | 27.00 | NOTE | |||
r-oldrel-macos-x86_64 | 1.1.5 | 50.00 | NOTE | |||
r-oldrel-windows-x86_64 | 1.1.5 | 42.00 | 83.00 | 125.00 | OK |
Version: 1.1.5
Check: CRAN incoming feasibility
Result: NOTE
Maintainer: ‘Leo Belzile <belzilel@gmail.com>’
No Authors@R field in DESCRIPTION.
Please add one, modifying
Authors@R: c(person(given = "Quentin",
family = "Sebille",
role = "aut",
email = "quentin.sebille@gmail.com"),
person(given = "Leo",
family = "Belzile",
role = "cre",
email = "belzilel@gmail.com"))
as necessary.
Flavor: r-devel-linux-x86_64-debian-gcc
Version: 1.1.5
Check: installed package size
Result: NOTE
installed size is 5.2Mb
sub-directories of 1Mb or more:
libs 5.0Mb
Flavors: r-oldrel-macos-arm64, r-oldrel-macos-x86_64